{"id":3790,"date":"2022-01-09T11:29:06","date_gmt":"2022-01-09T11:29:06","guid":{"rendered":"http:\/\/ludzie.fundacja-pih.pl\/?post_type=product&#038;p=3790"},"modified":"2025-05-16T14:23:17","modified_gmt":"2025-05-16T14:23:17","slug":"szarugiewicz-cezary","status":"publish","type":"product","link":"http:\/\/ludzie.fundacja-pih.pl\/index.php\/product\/szarugiewicz-cezary\/","title":{"rendered":"Szarugiewicz Cezary"},"content":{"rendered":"<p>Urodzi\u0142 si\u0119 11 pa\u017adziernika 1963 roku we Wroc\u0142awiu.<\/p>\n<p>W 1989 roku uko\u0144czy\u0142 studia na Wydziale Budwnictwa L\u0105dowego Politechniki Wroc\u0142awskiej. W listopadzie 1980 roku przy\u0142\u0105czy\u0142 si\u0119 do struktur Niezale\u017cnego Harcerstwa. Wsp\u00f3\u0142pracowa\u0142 z Uczniowskim Komitetem Odnowy Spo\u0142ecznej. Pisa\u0142 artyku\u0142y do niezale\u017cnych pism takich jak m.in.: \u201eUkosem\u201d, \u201eQuo Vadis?\u201d. Dzia\u0142a\u0142 w Niezale\u017cnym Ruchu Harcerskim. By\u0142 redaktorem i wydawc\u0105 (we wsp\u00f3\u0142pracy z Paw\u0142em Oranowskim) niezale\u017cnego pisma harcerskiego \u201eSkaut\u201d. Po wprowadzeniu stanu wojennego, bra\u0142 udzia\u0142 w demonstracji pod murami strajkuj\u0105cych zak\u0142ad\u00f3w, w akcjach ulotkowych oraz w akcjach malowania antyre\u017cimowych hase\u0142 na murach. 16 grudnia 1981 roku zosta\u0142 zatrzymany w czasie fotografowania oddzia\u0142\u00f3w wojska i funkcjonariuszy ZOMO pacyfikuj\u0105cych strajkuj\u0105c\u0105 Fabryk\u0119 Maszyn Budowlanych Fadroma. By\u0142 przetrzymywany w Areszcie \u015aledczym KW MO we Wroc\u0142awiu. Po dw\u00f3ch dniach zosta\u0142 zwolniony. Od 1982 roku zajmowa\u0142 si\u0119 kolporta\u017cem w podziemnej grupie Rafa\u0142a Pestkowskiego podlegaj\u0105cej RKS Dolny \u015al\u0105sk. Uczestniczy\u0142 w manifestacjach organizowanych przez SW i RKS \u201eS\u201d Dolny \u015al\u0105sk. W 1986 roku zosta\u0142 wsp\u00f3\u0142za\u0142o\u017cycielem podziemnej \u201eGrupy Baszta\u201d w ramach kt\u00f3rej prowadzono wsp\u00f3\u0142prac\u0119 z innymi organizacjami takimi jak: SW, RKS, KPN. W 1986 roku wsp\u00f3\u0142tworzy\u0142 Niezale\u017cn\u0105 Oficyn\u0119 Studenck\u0105 NOS. W 1987 roku by\u0142 wsp\u00f3\u0142wydawc\u0105 i redaktorem podziemnego pisma \u201eGoniec\u201d (NZS UWr i PWr). W 1991 roku prowadzi\u0142 szkolenia na zlecenie SW dla organizacji i partii politycznych na Ukrainie, w zakresie druku, prowadzenia dzia\u0142alno\u015bci niezale\u017cnej i konspiracyjnej. Od 1987 roku wsp\u00f3\u0142pracowa\u0142 z Inicjatyw\u0105 Walki Czynnej. W latach 1988 \u2013 1989 by\u0142 zatrudniony w Dziale Przygotowywania Wystaw Muzeum Narodowego we Wroc\u0142awiu.<\/p>\n","protected":false},"excerpt":{"rendered":"<p>Urodzi\u0142 si\u0119 11 pa\u017adziernika 1963 roku we Wroc\u0142awiu. W 1989 roku uko\u0144czy\u0142 studia na Wydziale Budwnictwa L\u0105dowego Politechniki Wroc\u0142awskiej. W listopadzie 1980 roku przy\u0142\u0105czy\u0142 si\u0119 do struktur Niezale\u017cnego Harcerstwa. Wsp\u00f3\u0142pracowa\u0142 z Uczniowskim Komitetem Odnowy Spo\u0142ecznej. Pisa\u0142 artyku\u0142y do niezale\u017cnych pism takich jak m.in.: \u201eUkosem\u201d, \u201eQuo Vadis?\u201d. Dzia\u0142a\u0142 w Niezale\u017cnym Ruchu Harcerskim. By\u0142 redaktorem i wydawc\u0105 [&hellip;]<\/p>\n","protected":false},"featured_media":3791,"template":"","meta":[],"_links":{"self":[{"href":"http:\/\/ludzie.fundacja-pih.pl\/index.php\/wp-json\/wp\/v2\/product\/3790"}],"collection":[{"href":"http:\/\/ludzie.fundacja-pih.pl\/index.php\/wp-json\/wp\/v2\/product"}],"about":[{"href":"http:\/\/ludzie.fundacja-pih.pl\/index.php\/wp-json\/wp\/v2\/types\/product"}],"wp:featuredmedia":[{"embeddable":true,"href":"http:\/\/ludzie.fundacja-pih.pl\/index.php\/wp-json\/wp\/v2\/media\/3791"}],"wp:attachment":[{"href":"http:\/\/ludzie.fundacja-pih.pl\/index.php\/wp-json\/wp\/v2\/media?parent=3790"}],"curies":[{"name":"wp","href":"https:\/\/api.w.org\/{rel}","templated":true}]}}