{"id":3792,"date":"2022-01-09T11:30:46","date_gmt":"2022-01-09T11:30:46","guid":{"rendered":"http:\/\/ludzie.fundacja-pih.pl\/?post_type=product&#038;p=3792"},"modified":"2025-05-16T14:23:17","modified_gmt":"2025-05-16T14:23:17","slug":"romaniak-franciszek","status":"publish","type":"product","link":"http:\/\/ludzie.fundacja-pih.pl\/index.php\/product\/romaniak-franciszek\/","title":{"rendered":"Romaniak Franciszek"},"content":{"rendered":"<p>Urodzi\u0142 si\u0119 17 czerwca 1957 w Ty\u0144cu Legnickim<\/p>\n<p>17 stycznia 1978 roku rozpocz\u0105\u0142 prac\u0119 w KGHM w Lubinie w Zak\u0142adzie  Rob\u00f3t G\u00f3rniczych. Po wprowadzeniu stanu wojennego, 13 grudnia 1981 roku, wzi\u0105\u0142 udzia\u0142 w strajku okupacyjnym og\u0142oszonym przez zarz\u0105d NSZZ Solidarno\u015b\u0107 Zak\u0142ad\u00f3w G\u00f3rniczych \u201eRudna\u201d. Uczestniczy\u0142 w nim a\u017c do jego zako\u0144czenia 17 grudnia 1981 roku. 19 grudnia 1981 roku zosta\u0142 zwolniony z pracy \u201ez powodu ci\u0119\u017ckiego naruszenia podstawowego obowi\u0105zku pracowniczego polegaj\u0105cego na braniu udzia\u0142u w strajku\u201d. Przez oko\u0142o rok pozostawa\u0142 bez pracy. Zosta\u0142 do niej przywr\u00f3cony pod warunkiem  wyjazdu w delegacj\u0119 do Kopalni W\u0119gla Brunatnego do Turowa, gdzie wsp\u00f3\u0142pracowa\u0142 z Julianem Zawadzkim, by\u0142ym wi\u0119\u017aniem politycznym. W tym czasie kolportowa\u0142 pras\u0119 niezale\u017cn\u0105, w tym \u201eSolidarno\u015bci Walcz\u0105cej\u201d. Po zako\u0144czeniu pracy w Turowie zosta\u0142 wys\u0142any na budow\u0119 metra w Warszawie. W maju 1988 roku, na w\u0142asn\u0105 pro\u015bb\u0119, zosta\u0142 przywr\u00f3cony do pracy w Kopalni W\u0119gla Brunatnego \u201eTur\u00f3w\u201d i zatrudniony na stanowisku g\u00f3rnika do\u0142owego. W 1989 roku rozpocz\u0105\u0142 dzia\u0142alno\u015b\u0107 w zalegalizowanych zak\u0142adowych strukturach NSZZ \u201eSolidarno\u015b\u0107\u201d.  W 1990 roku wst\u0105pi\u0142 do Partii Wolno\u015bci.<\/p>\n","protected":false},"excerpt":{"rendered":"<p>Urodzi\u0142 si\u0119 17 czerwca 1957 w Ty\u0144cu Legnickim 17 stycznia 1978 roku rozpocz\u0105\u0142 prac\u0119 w KGHM w Lubinie w Zak\u0142adzie Rob\u00f3t G\u00f3rniczych. Po wprowadzeniu stanu wojennego, 13 grudnia 1981 roku, wzi\u0105\u0142 udzia\u0142 w strajku okupacyjnym og\u0142oszonym przez zarz\u0105d NSZZ Solidarno\u015b\u0107 Zak\u0142ad\u00f3w G\u00f3rniczych \u201eRudna\u201d. Uczestniczy\u0142 w nim a\u017c do jego zako\u0144czenia 17 grudnia 1981 roku. 19 [&hellip;]<\/p>\n","protected":false},"featured_media":3793,"template":"","meta":[],"_links":{"self":[{"href":"http:\/\/ludzie.fundacja-pih.pl\/index.php\/wp-json\/wp\/v2\/product\/3792"}],"collection":[{"href":"http:\/\/ludzie.fundacja-pih.pl\/index.php\/wp-json\/wp\/v2\/product"}],"about":[{"href":"http:\/\/ludzie.fundacja-pih.pl\/index.php\/wp-json\/wp\/v2\/types\/product"}],"wp:featuredmedia":[{"embeddable":true,"href":"http:\/\/ludzie.fundacja-pih.pl\/index.php\/wp-json\/wp\/v2\/media\/3793"}],"wp:attachment":[{"href":"http:\/\/ludzie.fundacja-pih.pl\/index.php\/wp-json\/wp\/v2\/media?parent=3792"}],"curies":[{"name":"wp","href":"https:\/\/api.w.org\/{rel}","templated":true}]}}