{"id":3796,"date":"2022-01-09T11:33:47","date_gmt":"2022-01-09T11:33:47","guid":{"rendered":"http:\/\/ludzie.fundacja-pih.pl\/?post_type=product&#038;p=3796"},"modified":"2025-05-16T14:23:18","modified_gmt":"2025-05-16T14:23:18","slug":"dolinski-grzegorz-stefan-niemcy","status":"publish","type":"product","link":"http:\/\/ludzie.fundacja-pih.pl\/index.php\/product\/dolinski-grzegorz-stefan-niemcy\/","title":{"rendered":"Doli\u0144ski Grzegorz Stefan (Niemcy)"},"content":{"rendered":"<p>Urodzi\u0142 si\u0119 27 pa\u017adziernika 1957 roku we Wroc\u0142awiu.<\/p>\n<p>In\u017cynier d\u017awi\u0119ku. W latach 1983 &#8211; 1985 by\u0142 zatrudniony w Teatrze Pantomimy im. Henryka Tomaszewskiego we Wroc\u0142awiu. W 1985 roku wyjecha\u0142 do Niemiec. Podj\u0105\u0142 tam wsp\u00f3\u0142prac\u0119 z Arbeitsgruppe \u201eSolidarno\u015b\u0107\u201d Eschweiler-Aachen. W latach 1985 &#8211; 1988 wsp\u00f3\u0142organizowa\u0142 i uczestniczy\u0142 w wielu demonstracjach pod Ambasad\u0105 PRL w Kolonii. Arbeitsgruppe \u201eSolidarno\u015b\u0107\u201d wsp\u00f3\u0142pracowa\u0142a z Centrum Informacji Akademickiej Niezale\u017cnego Zrzeszenia Student\u00f3w oraz z \u201eSolidarno\u015bci\u0105 Walcz\u0105c\u0105\u201d, z kt\u00f3rymi podpisano umowy o wsp\u00f3\u0142pracy. Wspomaga\u0142a finansowo fundusz wydawniczy NSZZ \u201eSolidarno\u015b\u0107\u201d Regionu \u015arodkowo \u2013 Wschodniego i Pomorza Zachodniego, fundusz dla strajkuj\u0105cych robotnik\u00f3w, fundusz pomocy prasie podziemnej przy CSSO. Pomaga\u0142a finansowo tak\u017ce NZS &#8211; owi w Warszawie i Krakowie, Solidarno\u015bci Podbeskidzia i \u201eSolidarno\u015bci Walcz\u0105cej\u201d. Grzegorz Stefan Doli\u0144ski by\u0142 zwolennikiem bliskiej wsp\u00f3\u0142pracy z \u201eSolidarno\u015bci\u0105 Walcz\u0105c\u0105\u201d, dlatego jego podpis w imieniu Arbeitsgruppe \u201eSolidarno\u015b\u0107\u201d Eschweiler-Aachen znalaz\u0142 si\u0119 na umowie o wsp\u00f3\u0142pracy z \u201eSolidarno\u015bci\u0105 Walcz\u0105c\u0105\u201d. Po zako\u0144czeniu w 1990 roku dzia\u0142alno\u015bci niepodleg\u0142o\u015bciowej, prowadzi\u0142 w\u0142asn\u0105 dzia\u0142alno\u015b\u0107 gospodarcz\u0105 na terenie Polski i Niemiec. <\/p>\n","protected":false},"excerpt":{"rendered":"<p>Urodzi\u0142 si\u0119 27 pa\u017adziernika 1957 roku we Wroc\u0142awiu. In\u017cynier d\u017awi\u0119ku. W latach 1983 &#8211; 1985 by\u0142 zatrudniony w Teatrze Pantomimy im. Henryka Tomaszewskiego we Wroc\u0142awiu. W 1985 roku wyjecha\u0142 do Niemiec. Podj\u0105\u0142 tam wsp\u00f3\u0142prac\u0119 z Arbeitsgruppe \u201eSolidarno\u015b\u0107\u201d Eschweiler-Aachen. W latach 1985 &#8211; 1988 wsp\u00f3\u0142organizowa\u0142 i uczestniczy\u0142 w wielu demonstracjach pod Ambasad\u0105 PRL w Kolonii. Arbeitsgruppe [&hellip;]<\/p>\n","protected":false},"featured_media":3797,"template":"","meta":[],"_links":{"self":[{"href":"http:\/\/ludzie.fundacja-pih.pl\/index.php\/wp-json\/wp\/v2\/product\/3796"}],"collection":[{"href":"http:\/\/ludzie.fundacja-pih.pl\/index.php\/wp-json\/wp\/v2\/product"}],"about":[{"href":"http:\/\/ludzie.fundacja-pih.pl\/index.php\/wp-json\/wp\/v2\/types\/product"}],"wp:featuredmedia":[{"embeddable":true,"href":"http:\/\/ludzie.fundacja-pih.pl\/index.php\/wp-json\/wp\/v2\/media\/3797"}],"wp:attachment":[{"href":"http:\/\/ludzie.fundacja-pih.pl\/index.php\/wp-json\/wp\/v2\/media?parent=3796"}],"curies":[{"name":"wp","href":"https:\/\/api.w.org\/{rel}","templated":true}]}}

Doliński Grzegorz Stefan (Niemcy)

<p>Urodził się 27 października 1957 roku we Wrocławiu.</p>
<p>Inżynier dźwięku. W latach 1983 &#8211; 1985 był zatrudniony w Teatrze Pantomimy im. Henryka Tomaszewskiego we Wrocławiu. W 1985 roku wyjechał do Niemiec. Podjął tam współpracę z Arbeitsgruppe „Solidarność” Eschweiler-Aachen. W latach 1985 &#8211; 1988 współorganizował i uczestniczył w wielu demonstracjach pod Ambasadą PRL w Kolonii. Arbeitsgruppe „Solidarność” współpracowała z Centrum Informacji Akademickiej Niezależnego Zrzeszenia Studentów oraz z „Solidarnością Walczącą”, z którymi podpisano umowy o współpracy. Wspomagała finansowo fundusz wydawniczy NSZZ „Solidarność” Regionu Środkowo – Wschodniego i Pomorza Zachodniego, fundusz dla strajkujących robotników, fundusz pomocy prasie podziemnej przy CSSO. Pomagała finansowo także NZS &#8211; owi w Warszawie i Krakowie, Solidarności Podbeskidzia i „Solidarności Walczącej”. Grzegorz Stefan Doliński był zwolennikiem bliskiej współpracy z „Solidarnością Walczącą”, dlatego jego podpis w imieniu Arbeitsgruppe „Solidarność” Eschweiler-Aachen znalazł się na umowie o współpracy z „Solidarnością Walczącą”. Po zakończeniu w 1990 roku działalności niepodległościowej, prowadził własną działalność gospodarczą na terenie Polski i Niemiec. </p>

<p>Urodził się 27 października 1957 roku we Wrocławiu. Inżynier dźwięku. W latach 1983 &#8211; 1985 był zatrudniony w Teatrze Pantomimy im. Henryka Tomaszewskiego we Wrocławiu. W 1985 roku wyjechał do Niemiec. Podjął tam współpracę z Arbeitsgruppe „Solidarność” Eschweiler-Aachen. W latach 1985 &#8211; 1988 współorganizował i uczestniczył w wielu demonstracjach pod Ambasadą PRL w Kolonii. Arbeitsgruppe [&hellip;]</p>
