{"id":5125,"date":"2022-01-17T13:36:15","date_gmt":"2022-01-17T13:36:15","guid":{"rendered":"http:\/\/ludzie.fundacja-pih.pl\/?post_type=product&#038;p=5125"},"modified":"2025-05-16T14:23:20","modified_gmt":"2025-05-16T14:23:20","slug":"andrysiak-tomasz-kazimierz","status":"publish","type":"product","link":"http:\/\/ludzie.fundacja-pih.pl\/index.php\/product\/andrysiak-tomasz-kazimierz\/","title":{"rendered":"Andrysiak Tomasz Kazimierz"},"content":{"rendered":"<p>Urodzi\u0142 si\u0119 22 czerwca 1970 roku w m. Szczecin<\/p>\n<p>Dzia\u0142alno\u015b\u0107 opozycyjn\u0105 rozpocz\u0105\u0142 ju\u017c w szkole \u015bredniej. Od 1984 roku by\u0142 kolporterem wydawnictw podziemnych i emigracyjnych w \u015brodowisku szczeci\u0144skich szk\u00f3\u0142 \u015brednich. W latach 1985 &#8211; 1988 organizowa\u0142 i koordynowa\u0142 kolporta\u017c podziemnych wydawnictw na du\u017c\u0105 skal\u0119, w tym m.in. pism: \u201ePWA\u201d, \u201eCDN\u201d, \u201eBIS\u201d, \u201eLustro\u201d, \u201eA Cappella\u201d, \u201eGryf\u201d, \u201eTermit\u201d, \u201eGrot\u201d, \u201eSolidarno\u015b\u0107 Walcz\u0105ca\u201d i innych. Uczestniczy\u0142 w akcjach ulotkowych na g\u0142\u00f3wnych ulicach Szczecina. W latach 1987 &#8211; 1988 by\u0142 szefem grupy wykonawczej Federacji M\u0142odzie\u017cy Walcz\u0105cej w Szczecinie (ps. Herkules), we w\u0142asnym mieszkaniu tworzy\u0142 i drukowa\u0142 plakaty FMW. Uczestniczy\u0142 w happeningach FMW w Szczecinie. Zabezpiecza\u0142 akcj\u0119 palenia ksi\u0105\u017ceczek wojskowych. Do 1989 roku by\u0142 cz\u0142onkiem Ruchu Spo\u0142ecze\u0144stwa Alternatywnego. Uczestniczy\u0142 w akcjach malowania hase\u0142 na murach sowieckich jednostek wojskowych, komisariatach MO i tramwajach. Projektowa\u0142 i tworzy\u0142 transparenty na manifestacje, wizyt\u0119 Jana Paw\u0142a II w Gda\u0144sku, pielgrzymki m\u0142odzie\u017cy do Cz\u0119stochowy i Warszawy w rocznice \u015bmierci ks. Jerzego Popie\u0142uszki. W 1988 roku by\u0142 cz\u0142onkiem Grupy Pomocowej przy parafii oo. Jezuit\u00f3w, wspieraj\u0105cej sierpniowe strajki szczeci\u0144skie. Uczestniczy\u0142 te\u017c w akcjach ulotkowych, w zbi\u00f3rkach pieni\u0119dzy i wsp\u00f3\u0142organizowa\u0142 manifestacje. W latach 1986 &#8211; 1988 by\u0142 wielokrotnie zatrzymywany i przes\u0142uchiwany. W 1986 roku, po zatrzymaniu w czasie akcji ulotkowej, jako osoba niepe\u0142noletnia zosta\u0142 osadzony w Milicyjnej Izbie Dziecka. W 2013 roku  na podstawie postanowienia Prezydenta RP \u2013 nr 411\/2013 &#8211;  nadano mu Krzy\u017c Wolno\u015bci i Solidarno\u015bci.<\/p>\n","protected":false},"excerpt":{"rendered":"<p>Urodzi\u0142 si\u0119 22 czerwca 1970 roku w m. Szczecin Dzia\u0142alno\u015b\u0107 opozycyjn\u0105 rozpocz\u0105\u0142 ju\u017c w szkole \u015bredniej. Od 1984 roku by\u0142 kolporterem wydawnictw podziemnych i emigracyjnych w \u015brodowisku szczeci\u0144skich szk\u00f3\u0142 \u015brednich. W latach 1985 &#8211; 1988 organizowa\u0142 i koordynowa\u0142 kolporta\u017c podziemnych wydawnictw na du\u017c\u0105 skal\u0119, w tym m.in. pism: \u201ePWA\u201d, \u201eCDN\u201d, \u201eBIS\u201d, \u201eLustro\u201d, \u201eA Cappella\u201d, \u201eGryf\u201d, [&hellip;]<\/p>\n","protected":false},"featured_media":0,"template":"","meta":[],"_links":{"self":[{"href":"http:\/\/ludzie.fundacja-pih.pl\/index.php\/wp-json\/wp\/v2\/product\/5125"}],"collection":[{"href":"http:\/\/ludzie.fundacja-pih.pl\/index.php\/wp-json\/wp\/v2\/product"}],"about":[{"href":"http:\/\/ludzie.fundacja-pih.pl\/index.php\/wp-json\/wp\/v2\/types\/product"}],"wp:attachment":[{"href":"http:\/\/ludzie.fundacja-pih.pl\/index.php\/wp-json\/wp\/v2\/media?parent=5125"}],"curies":[{"name":"wp","href":"https:\/\/api.w.org\/{rel}","templated":true}]}}

<p>Urodził się 22 czerwca 1970 roku w m. Szczecin</p>
<p>Działalność opozycyjną rozpoczął już w szkole średniej. Od 1984 roku był kolporterem wydawnictw podziemnych i emigracyjnych w środowisku szczecińskich szkół średnich. W latach 1985 &#8211; 1988 organizował i koordynował kolportaż podziemnych wydawnictw na dużą skalę, w tym m.in. pism: „PWA”, „CDN”, „BIS”, „Lustro”, „A Cappella”, „Gryf”, „Termit”, „Grot”, „Solidarność Walcząca” i innych. Uczestniczył w akcjach ulotkowych na głównych ulicach Szczecina. W latach 1987 &#8211; 1988 był szefem grupy wykonawczej Federacji Młodzieży Walczącej w Szczecinie (ps. Herkules), we własnym mieszkaniu tworzył i drukował plakaty FMW. Uczestniczył w happeningach FMW w Szczecinie. Zabezpieczał akcję palenia książeczek wojskowych. Do 1989 roku był członkiem Ruchu Społeczeństwa Alternatywnego. Uczestniczył w akcjach malowania haseł na murach sowieckich jednostek wojskowych, komisariatach MO i tramwajach. Projektował i tworzył transparenty na manifestacje, wizytę Jana Pawła II w Gdańsku, pielgrzymki młodzieży do Częstochowy i Warszawy w rocznice śmierci ks. Jerzego Popiełuszki. W 1988 roku był członkiem Grupy Pomocowej przy parafii oo. Jezuitów, wspierającej sierpniowe strajki szczecińskie. Uczestniczył też w akcjach ulotkowych, w zbiórkach pieniędzy i współorganizował manifestacje. W latach 1986 &#8211; 1988 był wielokrotnie zatrzymywany i przesłuchiwany. W 1986 roku, po zatrzymaniu w czasie akcji ulotkowej, jako osoba niepełnoletnia został osadzony w Milicyjnej Izbie Dziecka. W 2013 roku  na podstawie postanowienia Prezydenta RP – nr 411/2013 &#8211;  nadano mu Krzyż Wolności i Solidarności.</p>

<p>Urodził się 22 czerwca 1970 roku w m. Szczecin Działalność opozycyjną rozpoczął już w szkole średniej. Od 1984 roku był kolporterem wydawnictw podziemnych i emigracyjnych w środowisku szczecińskich szkół średnich. W latach 1985 &#8211; 1988 organizował i koordynował kolportaż podziemnych wydawnictw na dużą skalę, w tym m.in. pism: „PWA”, „CDN”, „BIS”, „Lustro”, „A Cappella”, „Gryf”, [&hellip;]</p>
