{"id":513,"date":"2020-12-02T11:38:12","date_gmt":"2020-12-02T11:38:12","guid":{"rendered":"http:\/\/ludzie.fundacja-pih.pl\/?post_type=product&#038;p=513"},"modified":"2025-05-16T14:10:22","modified_gmt":"2025-05-16T14:10:22","slug":"daszkiewicz-piotr","status":"publish","type":"product","link":"http:\/\/ludzie.fundacja-pih.pl\/index.php\/product\/daszkiewicz-piotr\/","title":{"rendered":"Daszkiewicz Piotr"},"content":{"rendered":"<p>W okresie tzw. karnawa\u0142u \u201eSolidarno\u015bci\u201d bra\u0142 udzia\u0142 w strajkach studenckich w Poznaniu. Po wprowadzeniu stanu wojennego  kolportowa\u0142 wydawnictwa podziemne w tym g\u0142\u00f3wnie czasopisma pozna\u0144skie, a nast\u0119pnie r\u00f3wnie\u017c pisma sygnowane przez \u201eSolidarno\u015b\u0107 Walcz\u0105c\u0105\u201d.  Organiowa\u0142 przerzuty wydawnictw konspiracyjnych z Krakowa i z Warszawy. Drukowa\u0142 i redagowa\u0142 \u201eStrzech\u0119\u201d i \u201eCeglarza\u201d, sporadycznie tak\u017ce ulotki. Uczestniczy\u0142<br \/>\nw organizacji druku \u201eTygodnika Mazowsze\u201d w Poznaniu. Pomaga\u0142 w organizowaniu przerzut\u00f3w sprz\u0119tu poligraficznego i informatycznego z Francji do Polski. W 1984 roku zwi\u0105za\u0142 si\u0119 z Liberalno-Demokratyczn\u0105 Parti\u0105 \u201eNiepodleg\u0142o\u015b\u0107\u201d. Od 1986 roku kierowa\u0142 Wielkopolskim Oddzia\u0142em L-DP \u201eN\u201d, wchodzi\u0142 te\u017c w sk\u0142ad Rady Politycznej. W 1987 roku wyemigrowa\u0142 do Francji gdzie zosta\u0142 jednym z za\u0142o\u017cycieli orgaznizacji \u201eSolidarno\u015b\u0107 z Solidarno\u015bci\u0105\u201d Regionu Wielkopolska, wsp\u00f3\u0142pracownikiem z \u201eKontaktu\u201d, a tak\u017ce  Instytutu Literackiego w Maisons-Laffite. B\u0119d\u0105c na emigracji \u015bledzi\u0142 powstawanie Pozna\u0144skiego Porozumienia Wyborczego \u201cSolidarno\u015b\u0107 i Niepodleg\u0142o\u015b\u0107\u201d, kt\u00f3re Wielkopolski Oddzia\u0142 LDP\u201dN\u201d tworzy\u0142 razem z pozna\u0144sk\u0105 \u201cSolidarno\u015bci\u0105 Walcz\u0105c\u0105\u201d.<\/p>\n","protected":false},"excerpt":{"rendered":"<p>W okresie tzw. karnawa\u0142u \u201eSolidarno\u015bci\u201d bra\u0142 udzia\u0142 w strajkach studenckich w Poznaniu. Po wprowadzeniu stanu wojennego kolportowa\u0142 wydawnictwa podziemne w tym g\u0142\u00f3wnie czasopisma pozna\u0144skie, a nast\u0119pnie r\u00f3wnie\u017c pisma sygnowane przez \u201eSolidarno\u015b\u0107 Walcz\u0105c\u0105\u201d. Organiowa\u0142 przerzuty wydawnictw konspiracyjnych z Krakowa i z Warszawy. Drukowa\u0142 i redagowa\u0142 \u201eStrzech\u0119\u201d i \u201eCeglarza\u201d, sporadycznie tak\u017ce ulotki. Uczestniczy\u0142 w organizacji druku \u201eTygodnika [&hellip;]<\/p>\n","protected":false},"featured_media":514,"template":"","meta":[],"_links":{"self":[{"href":"http:\/\/ludzie.fundacja-pih.pl\/index.php\/wp-json\/wp\/v2\/product\/513"}],"collection":[{"href":"http:\/\/ludzie.fundacja-pih.pl\/index.php\/wp-json\/wp\/v2\/product"}],"about":[{"href":"http:\/\/ludzie.fundacja-pih.pl\/index.php\/wp-json\/wp\/v2\/types\/product"}],"wp:featuredmedia":[{"embeddable":true,"href":"http:\/\/ludzie.fundacja-pih.pl\/index.php\/wp-json\/wp\/v2\/media\/514"}],"wp:attachment":[{"href":"http:\/\/ludzie.fundacja-pih.pl\/index.php\/wp-json\/wp\/v2\/media?parent=513"}],"curies":[{"name":"wp","href":"https:\/\/api.w.org\/{rel}","templated":true}]}}

<p>W okresie tzw. karnawału „Solidarności” brał udział w strajkach studenckich w Poznaniu. Po wprowadzeniu stanu wojennego  kolportował wydawnictwa podziemne w tym głównie czasopisma poznańskie, a następnie również pisma sygnowane przez „Solidarność Walczącą”.  Organiował przerzuty wydawnictw konspiracyjnych z Krakowa i z Warszawy. Drukował i redagował „Strzechę” i „Ceglarza”, sporadycznie także ulotki. Uczestniczył<br />
w organizacji druku „Tygodnika Mazowsze” w Poznaniu. Pomagał w organizowaniu przerzutów sprzętu poligraficznego i informatycznego z Francji do Polski. W 1984 roku związał się z Liberalno-Demokratyczną Partią „Niepodległość”. Od 1986 roku kierował Wielkopolskim Oddziałem L-DP „N”, wchodził też w skład Rady Politycznej. W 1987 roku wyemigrował do Francji gdzie został jednym z założycieli orgaznizacji „Solidarność z Solidarnością” Regionu Wielkopolska, współpracownikiem z „Kontaktu”, a także  Instytutu Literackiego w Maisons-Laffite. Będąc na emigracji śledził powstawanie Poznańskiego Porozumienia Wyborczego “Solidarność i Niepodległość”, które Wielkopolski Oddział LDP”N” tworzył razem z poznańską “Solidarnością Walczącą”.</p>

<p>W okresie tzw. karnawału „Solidarności” brał udział w strajkach studenckich w Poznaniu. Po wprowadzeniu stanu wojennego kolportował wydawnictwa podziemne w tym głównie czasopisma poznańskie, a następnie również pisma sygnowane przez „Solidarność Walczącą”. Organiował przerzuty wydawnictw konspiracyjnych z Krakowa i z Warszawy. Drukował i redagował „Strzechę” i „Ceglarza”, sporadycznie także ulotki. Uczestniczył w organizacji druku „Tygodnika [&hellip;]</p>
