{"id":5131,"date":"2022-01-17T14:52:27","date_gmt":"2022-01-17T14:52:27","guid":{"rendered":"http:\/\/ludzie.fundacja-pih.pl\/?post_type=product&#038;p=5131"},"modified":"2025-05-16T14:23:22","modified_gmt":"2025-05-16T14:23:22","slug":"basaj-jaroslaw-artur","status":"publish","type":"product","link":"http:\/\/ludzie.fundacja-pih.pl\/index.php\/product\/basaj-jaroslaw-artur\/","title":{"rendered":"Basaj Jaros\u0142aw Artur"},"content":{"rendered":"<p>Urodzi\u0142 si\u0119 w 1967 roku w m. Warszawa<\/p>\n<p>W latach 1982-1986, b\u0119d\u0105c uczniem III Liceum Og\u00f3lnokszta\u0142c\u0105cego im. \u015bw. Augustyna w Warszawie, rozprowadza\u0142 na terenie szko\u0142y i poza ni\u0105 Gazetk\u0119 Niezale\u017cnej Organizacji M\u0142odzie\u017cowej (GNOM), ksi\u0105\u017cki autorstwa Aleksandra So\u0142\u017cenicyna, Georga Orwella, J\u00f3zefa Mackiewicza oraz ulotki. Bra\u0142 udzia\u0142 w antyre\u017cimowych demonstracjach i uroczysto\u015bciach religijnych o charakterze patriotycznym, wsp\u00f3\u0142pracowa\u0142 z m\u0142odzie\u017cow\u0105 formacj\u0105 KPN. W latach 1986 &#8211; 1989 by\u0142 cz\u0142onkiem Federacji M\u0142odzie\u017cy Walcz\u0105cej i Grup Oporu \u201eSolidarni\u201d. W ramach dzia\u0142alno\u015bci w tych organizacjach kolportowa\u0142 ulotki, ubezpiecza\u0142 akcje wywieszania transparent\u00f3w, uczestniczy\u0142 w manifestacjach, malowa\u0142 antyre\u017cimowe napisy w miejscach publicznych. W 1986 roku podj\u0105\u0142 studia na Wydziale Lekarskim Akademii Medycznej w Warszawie. Od maja 1988 roku by\u0142 cz\u0142onkiem Niezale\u017cnego Zrzeszenia Student\u00f3w na AM. Uczestniczy\u0142 w wi\u0119kszo\u015bci inicjatyw organizowanych przez Zrzeszenie. 31 sierpnia 1988 roku zosta\u0142 zatrzymany przez funkcjonariuszy MO na ul. Marsza\u0142kowskiej w Warszawie, podczas rozrzucania ulotek. Tego samego dnia przeprowadzono przeszukanie jego mieszkania. Odnaleziono w nim wydawnictwa \u201eSolidarno\u015bci Walcz\u0105cej\u201d i NZS. W wyniku powy\u017cszego, zosta\u0142 ukarany przez Kolegium ds. Wykrocze\u0144 kar\u0105 20000 z\u0142 grzywny. W wyborach 4 czerwca 1989 roku by\u0142 m\u0119\u017cem zaufania \u00f3wczesnego kandydata Komitetu Obywatelskiego na senatora Grzegorza Bia\u0142kowskiego. W 2021 roku  na podstawie postanowienia Prezydenta RP \u2013 nr 398\/2021 &#8211;  nadano mu Krzy\u017c Wolno\u015bci i Solidarno\u015bci.<\/p>\n","protected":false},"excerpt":{"rendered":"<p>Urodzi\u0142 si\u0119 w 1967 roku w m. Warszawa W latach 1982-1986, b\u0119d\u0105c uczniem III Liceum Og\u00f3lnokszta\u0142c\u0105cego im. \u015bw. Augustyna w Warszawie, rozprowadza\u0142 na terenie szko\u0142y i poza ni\u0105 Gazetk\u0119 Niezale\u017cnej Organizacji M\u0142odzie\u017cowej (GNOM), ksi\u0105\u017cki autorstwa Aleksandra So\u0142\u017cenicyna, Georga Orwella, J\u00f3zefa Mackiewicza oraz ulotki. Bra\u0142 udzia\u0142 w antyre\u017cimowych demonstracjach i uroczysto\u015bciach religijnych o charakterze patriotycznym, wsp\u00f3\u0142pracowa\u0142 [&hellip;]<\/p>\n","protected":false},"featured_media":5132,"template":"","meta":[],"_links":{"self":[{"href":"http:\/\/ludzie.fundacja-pih.pl\/index.php\/wp-json\/wp\/v2\/product\/5131"}],"collection":[{"href":"http:\/\/ludzie.fundacja-pih.pl\/index.php\/wp-json\/wp\/v2\/product"}],"about":[{"href":"http:\/\/ludzie.fundacja-pih.pl\/index.php\/wp-json\/wp\/v2\/types\/product"}],"wp:featuredmedia":[{"embeddable":true,"href":"http:\/\/ludzie.fundacja-pih.pl\/index.php\/wp-json\/wp\/v2\/media\/5132"}],"wp:attachment":[{"href":"http:\/\/ludzie.fundacja-pih.pl\/index.php\/wp-json\/wp\/v2\/media?parent=5131"}],"curies":[{"name":"wp","href":"https:\/\/api.w.org\/{rel}","templated":true}]}}