{"id":5149,"date":"2022-01-19T13:48:16","date_gmt":"2022-01-19T13:48:16","guid":{"rendered":"http:\/\/ludzie.fundacja-pih.pl\/?post_type=product&#038;p=5149"},"modified":"2025-05-16T14:23:25","modified_gmt":"2025-05-16T14:23:25","slug":"grabczak-ireneusz-julian","status":"publish","type":"product","link":"http:\/\/ludzie.fundacja-pih.pl\/index.php\/product\/grabczak-ireneusz-julian\/","title":{"rendered":"Grabczak Ireneusz Julian"},"content":{"rendered":"<p>Urodzi\u0142 si\u0119 15 czerwca 1952 r. w Lubieniu Kujawskim. <\/p>\n<p>By\u0142 pracownikiem Stoczni Marynarki Wojennej w Gdyni. W grudniu 1970 roku zosta\u0142 cz\u0142onkiem Komitetu Protestacyjnego i bra\u0142 udzia\u0142 w strajku w swoim zak\u0142adzie. 17 grudnia 1970 roku wyprowadzi\u0142 cz\u0119\u015b\u0107 pracownik\u00f3w z zak\u0142adu i wraz z nimi ruszy\u0142 wzd\u0142u\u017c kana\u0142u do centrum Gdyni aby solidaryzowa\u0107 si\u0119 z pozosta\u0142ymi strajkuj\u0105cymi w Gdyni zak\u0142adami. Bra\u0142 r\u00f3wnie\u017c udzia\u0142 w starciach z milicj\u0105 na dawnym Wzg\u00f3rzu Nowotki. Otrzyma\u0142 w\u00f3wczas cios pa\u0142k\u0105, a tak\u017ce zosta\u0142 ranny w nog\u0119. Po wprowadzeniu stanu wojennego zaj\u0105\u0142 si\u0119 drukowaniem ulotek domowymi metodami, kt\u00f3re nast\u0119pnie rozrzuca\u0142 na terenie Stoczni Marynarki Wojennej. Na murach dom\u00f3w malowa\u0142 has\u0142a antykomunistyczne. Po 1982 roku nawi\u0105za\u0142 wsp\u00f3\u0142prac\u0119 z dzia\u0142aczami \u201eSolidarno\u015bci Walcz\u0105cej\u201d. W ramach tej wsp\u00f3\u0142pracy we wskazanych miejscach odbiera\u0142 i przekazywa\u0142 materia\u0142y do produkcji nielegalnych pism, ulotek jak r\u00f3wnie\u017c sitodruki dla podziemnej drukarni. Przekaza\u0142 maszyn\u0119 do pisania dla SW. Kolportowa\u0142 wydawnictwa sygnowane przez SW. Bra\u0142 udzia\u0142 w antyre\u017cimowych manifestacjach, kt\u00f3re dokumentowa\u0142. Otrzyma\u0142 odznak\u0119 honorow\u0105 \u201eDzia\u0142acza Opozycji Antykomunistycznej\u201d oraz Krzy\u017c Wolno\u015bci i Solidarno\u015bci.<\/p>\n","protected":false},"excerpt":{"rendered":"<p>Urodzi\u0142 si\u0119 15 czerwca 1952 r. w Lubieniu Kujawskim. By\u0142 pracownikiem Stoczni Marynarki Wojennej w Gdyni. W grudniu 1970 roku zosta\u0142 cz\u0142onkiem Komitetu Protestacyjnego i bra\u0142 udzia\u0142 w strajku w swoim zak\u0142adzie. 17 grudnia 1970 roku wyprowadzi\u0142 cz\u0119\u015b\u0107 pracownik\u00f3w z zak\u0142adu i wraz z nimi ruszy\u0142 wzd\u0142u\u017c kana\u0142u do centrum Gdyni aby solidaryzowa\u0107 si\u0119 z [&hellip;]<\/p>\n","protected":false},"featured_media":5150,"template":"","meta":[],"_links":{"self":[{"href":"http:\/\/ludzie.fundacja-pih.pl\/index.php\/wp-json\/wp\/v2\/product\/5149"}],"collection":[{"href":"http:\/\/ludzie.fundacja-pih.pl\/index.php\/wp-json\/wp\/v2\/product"}],"about":[{"href":"http:\/\/ludzie.fundacja-pih.pl\/index.php\/wp-json\/wp\/v2\/types\/product"}],"wp:featuredmedia":[{"embeddable":true,"href":"http:\/\/ludzie.fundacja-pih.pl\/index.php\/wp-json\/wp\/v2\/media\/5150"}],"wp:attachment":[{"href":"http:\/\/ludzie.fundacja-pih.pl\/index.php\/wp-json\/wp\/v2\/media?parent=5149"}],"curies":[{"name":"wp","href":"https:\/\/api.w.org\/{rel}","templated":true}]}}

<p>Urodził się 15 czerwca 1952 r. w Lubieniu Kujawskim. </p>
<p>Był pracownikiem Stoczni Marynarki Wojennej w Gdyni. W grudniu 1970 roku został członkiem Komitetu Protestacyjnego i brał udział w strajku w swoim zakładzie. 17 grudnia 1970 roku wyprowadził część pracowników z zakładu i wraz z nimi ruszył wzdłuż kanału do centrum Gdyni aby solidaryzować się z pozostałymi strajkującymi w Gdyni zakładami. Brał również udział w starciach z milicją na dawnym Wzgórzu Nowotki. Otrzymał wówczas cios pałką, a także został ranny w nogę. Po wprowadzeniu stanu wojennego zajął się drukowaniem ulotek domowymi metodami, które następnie rozrzucał na terenie Stoczni Marynarki Wojennej. Na murach domów malował hasła antykomunistyczne. Po 1982 roku nawiązał współpracę z działaczami „Solidarności Walczącej”. W ramach tej współpracy we wskazanych miejscach odbierał i przekazywał materiały do produkcji nielegalnych pism, ulotek jak również sitodruki dla podziemnej drukarni. Przekazał maszynę do pisania dla SW. Kolportował wydawnictwa sygnowane przez SW. Brał udział w antyreżimowych manifestacjach, które dokumentował. Otrzymał odznakę honorową „Działacza Opozycji Antykomunistycznej” oraz Krzyż Wolności i Solidarności.</p>

<p>Urodził się 15 czerwca 1952 r. w Lubieniu Kujawskim. Był pracownikiem Stoczni Marynarki Wojennej w Gdyni. W grudniu 1970 roku został członkiem Komitetu Protestacyjnego i brał udział w strajku w swoim zakładzie. 17 grudnia 1970 roku wyprowadził część pracowników z zakładu i wraz z nimi ruszył wzdłuż kanału do centrum Gdyni aby solidaryzować się z [&hellip;]</p>
