{"id":5157,"date":"2022-01-20T14:38:45","date_gmt":"2022-01-20T14:38:45","guid":{"rendered":"http:\/\/ludzie.fundacja-pih.pl\/?post_type=product&#038;p=5157"},"modified":"2025-05-16T14:23:25","modified_gmt":"2025-05-16T14:23:25","slug":"figiel-krzysztof-jan","status":"publish","type":"product","link":"http:\/\/ludzie.fundacja-pih.pl\/index.php\/product\/figiel-krzysztof-jan\/","title":{"rendered":"Figiel Krzysztof Jan"},"content":{"rendered":"<p>Urodzi\u0142 si\u0119 26 listopada 1962 roku w Gda\u0144sku.<\/p>\n<p>Od listopada 1981 roku nale\u017ca\u0142 do NSZZ \u201eSolidarno\u015b\u0107\u201d. W latach 1981 &#8211; 1987 by\u0142 zwi\u0105zany z podziemnym Wydawnictwem \u201eM\u0142oda Polska\u201d. W latach 1982 &#8211; 1989 pisa\u0142 teksty do czasopism podziemnych, kolportowa\u0142 je, organizowa\u0142 transport oraz lokale dla cel\u00f3w konspiracyjnych. By\u0142 tak\u017ce organizatorem dostaw sprz\u0119tu i materia\u0142\u00f3w poligraficznych dla podziemnego pisma \u201eSolidarno\u015b\u0107\u201d Regionu Gda\u0144skiego. Jako kolporter wsp\u00f3\u0142pracowa\u0142 z TKZ-ami Regionu Gda\u0144skiego, Ruchem Spo\u0142ecze\u0144stwa Alternatywnego, Federacj\u0105 M\u0142odzie\u017cy Walcz\u0105cej oraz \u201eSolidarno\u015bci\u0105 Walcz\u0105c\u0105\u201d.<\/p>\n","protected":false},"excerpt":{"rendered":"<p>Urodzi\u0142 si\u0119 26 listopada 1962 roku w Gda\u0144sku. Od listopada 1981 roku nale\u017ca\u0142 do NSZZ \u201eSolidarno\u015b\u0107\u201d. W latach 1981 &#8211; 1987 by\u0142 zwi\u0105zany z podziemnym Wydawnictwem \u201eM\u0142oda Polska\u201d. W latach 1982 &#8211; 1989 pisa\u0142 teksty do czasopism podziemnych, kolportowa\u0142 je, organizowa\u0142 transport oraz lokale dla cel\u00f3w konspiracyjnych. By\u0142 tak\u017ce organizatorem dostaw sprz\u0119tu i materia\u0142\u00f3w poligraficznych [&hellip;]<\/p>\n","protected":false},"featured_media":5158,"template":"","meta":[],"_links":{"self":[{"href":"http:\/\/ludzie.fundacja-pih.pl\/index.php\/wp-json\/wp\/v2\/product\/5157"}],"collection":[{"href":"http:\/\/ludzie.fundacja-pih.pl\/index.php\/wp-json\/wp\/v2\/product"}],"about":[{"href":"http:\/\/ludzie.fundacja-pih.pl\/index.php\/wp-json\/wp\/v2\/types\/product"}],"wp:featuredmedia":[{"embeddable":true,"href":"http:\/\/ludzie.fundacja-pih.pl\/index.php\/wp-json\/wp\/v2\/media\/5158"}],"wp:attachment":[{"href":"http:\/\/ludzie.fundacja-pih.pl\/index.php\/wp-json\/wp\/v2\/media?parent=5157"}],"curies":[{"name":"wp","href":"https:\/\/api.w.org\/{rel}","templated":true}]}}

<p>Urodził się 26 listopada 1962 roku w Gdańsku.</p>
<p>Od listopada 1981 roku należał do NSZZ „Solidarność”. W latach 1981 &#8211; 1987 był związany z podziemnym Wydawnictwem „Młoda Polska”. W latach 1982 &#8211; 1989 pisał teksty do czasopism podziemnych, kolportował je, organizował transport oraz lokale dla celów konspiracyjnych. Był także organizatorem dostaw sprzętu i materiałów poligraficznych dla podziemnego pisma „Solidarność” Regionu Gdańskiego. Jako kolporter współpracował z TKZ-ami Regionu Gdańskiego, Ruchem Społeczeństwa Alternatywnego, Federacją Młodzieży Walczącej oraz „Solidarnością Walczącą”.</p>

<p>Urodził się 26 listopada 1962 roku w Gdańsku. Od listopada 1981 roku należał do NSZZ „Solidarność”. W latach 1981 &#8211; 1987 był związany z podziemnym Wydawnictwem „Młoda Polska”. W latach 1982 &#8211; 1989 pisał teksty do czasopism podziemnych, kolportował je, organizował transport oraz lokale dla celów konspiracyjnych. Był także organizatorem dostaw sprzętu i materiałów poligraficznych [&hellip;]</p>
