{"id":5161,"date":"2022-01-20T14:55:33","date_gmt":"2022-01-20T14:55:33","guid":{"rendered":"http:\/\/ludzie.fundacja-pih.pl\/?post_type=product&#038;p=5161"},"modified":"2025-05-16T14:23:26","modified_gmt":"2025-05-16T14:23:26","slug":"stanislawski-marek-janusz","status":"publish","type":"product","link":"http:\/\/ludzie.fundacja-pih.pl\/index.php\/product\/stanislawski-marek-janusz\/","title":{"rendered":"Stanis\u0142awski Marek Janusz"},"content":{"rendered":"<p>Urodzi\u0142 si\u0119 4 lutego 1969 roku w S\u0142upsku.<\/p>\n<p>W latach 1985 &#8211; 1987 by\u0142 zaanga\u017cowany w dzia\u0142alno\u015b\u0107 Regionalnej Komisji Koordynacyjnej w S\u0142upsku, gdzie zajmowa\u0142 si\u0119 kolporta\u017cem pism: \u201eSolidarno\u015b\u0107 S\u0142upska\u201d, \u201eTygodnik Mazowsze\u201d i \u201eSolidarno\u015b\u0107 Gda\u0144ska\u201d. Jesieni\u0105 1985 roku wsp\u00f3\u0142tworzy\u0142 w S\u0142upsku M\u0142odzie\u017cowy Ruch Oporu \u201eSolidarno\u015b\u0107 Walcz\u0105ca\u201d. Zajmowa\u0142 si\u0119 redakcj\u0105 oraz kolporta\u017cem pisma \u201eUczniak\u201d, sygnowanego przez MRO SW. 29 stycznia 1986 roku, za dzia\u0142alno\u015b\u0107 MRO \u201eSolidarno\u015b\u0107 Walcz\u0105ca\u201d,  zosta\u0142 skre\u015blony z listy uczni\u00f3w ZSD w S\u0142upsku.<\/p>\n","protected":false},"excerpt":{"rendered":"<p>Urodzi\u0142 si\u0119 4 lutego 1969 roku w S\u0142upsku. W latach 1985 &#8211; 1987 by\u0142 zaanga\u017cowany w dzia\u0142alno\u015b\u0107 Regionalnej Komisji Koordynacyjnej w S\u0142upsku, gdzie zajmowa\u0142 si\u0119 kolporta\u017cem pism: \u201eSolidarno\u015b\u0107 S\u0142upska\u201d, \u201eTygodnik Mazowsze\u201d i \u201eSolidarno\u015b\u0107 Gda\u0144ska\u201d. Jesieni\u0105 1985 roku wsp\u00f3\u0142tworzy\u0142 w S\u0142upsku M\u0142odzie\u017cowy Ruch Oporu \u201eSolidarno\u015b\u0107 Walcz\u0105ca\u201d. Zajmowa\u0142 si\u0119 redakcj\u0105 oraz kolporta\u017cem pisma \u201eUczniak\u201d, sygnowanego przez MRO [&hellip;]<\/p>\n","protected":false},"featured_media":5162,"template":"","meta":[],"_links":{"self":[{"href":"http:\/\/ludzie.fundacja-pih.pl\/index.php\/wp-json\/wp\/v2\/product\/5161"}],"collection":[{"href":"http:\/\/ludzie.fundacja-pih.pl\/index.php\/wp-json\/wp\/v2\/product"}],"about":[{"href":"http:\/\/ludzie.fundacja-pih.pl\/index.php\/wp-json\/wp\/v2\/types\/product"}],"wp:featuredmedia":[{"embeddable":true,"href":"http:\/\/ludzie.fundacja-pih.pl\/index.php\/wp-json\/wp\/v2\/media\/5162"}],"wp:attachment":[{"href":"http:\/\/ludzie.fundacja-pih.pl\/index.php\/wp-json\/wp\/v2\/media?parent=5161"}],"curies":[{"name":"wp","href":"https:\/\/api.w.org\/{rel}","templated":true}]}}

Stanisławski Marek Janusz

<p>Urodził się 4 lutego 1969 roku w Słupsku.</p>
<p>W latach 1985 &#8211; 1987 był zaangażowany w działalność Regionalnej Komisji Koordynacyjnej w Słupsku, gdzie zajmował się kolportażem pism: „Solidarność Słupska”, „Tygodnik Mazowsze” i „Solidarność Gdańska”. Jesienią 1985 roku współtworzył w Słupsku Młodzieżowy Ruch Oporu „Solidarność Walcząca”. Zajmował się redakcją oraz kolportażem pisma „Uczniak”, sygnowanego przez MRO SW. 29 stycznia 1986 roku, za działalność MRO „Solidarność Walcząca”,  został skreślony z listy uczniów ZSD w Słupsku.</p>

<p>Urodził się 4 lutego 1969 roku w Słupsku. W latach 1985 &#8211; 1987 był zaangażowany w działalność Regionalnej Komisji Koordynacyjnej w Słupsku, gdzie zajmował się kolportażem pism: „Solidarność Słupska”, „Tygodnik Mazowsze” i „Solidarność Gdańska”. Jesienią 1985 roku współtworzył w Słupsku Młodzieżowy Ruch Oporu „Solidarność Walcząca”. Zajmował się redakcją oraz kolportażem pisma „Uczniak”, sygnowanego przez MRO [&hellip;]</p>
