{"id":5170,"date":"2022-01-24T14:33:03","date_gmt":"2022-01-24T14:33:03","guid":{"rendered":"http:\/\/ludzie.fundacja-pih.pl\/?post_type=product&#038;p=5170"},"modified":"2025-05-16T14:23:27","modified_gmt":"2025-05-16T14:23:27","slug":"szulc-eugeniusz","status":"publish","type":"product","link":"http:\/\/ludzie.fundacja-pih.pl\/index.php\/product\/szulc-eugeniusz\/","title":{"rendered":"Szulc Eugeniusz"},"content":{"rendered":"<p>W sierpniu 1980 roku bra\u0142 udzia\u0142 z strajku w Stoczni im. Komuny Paryskiej w Gdyni. Po wprowadzeniu stanu wojennego zaanga\u017cowa\u0142 si\u0119 w dzia\u0142alno\u015b\u0107 podziemnych struktur \u201eSolidarno\u015bci\u201d. Kolportowa\u0142 czasopisma podziemne w tym m.in. \u201eSolidarno\u015b\u0107 Walcz\u0105c\u0105\u201d, \u201ePoza Uk\u0142adem\u201d, \u201eGryps\u201d, a tak\u017ce ulotki. Uczestniczy\u0142 w akcjach plakatowania w stoczni gdy\u0144skiej oraz w samej Gdyni. Bra\u0142 udzia\u0142  patriotycznych manifestacjach, a tak\u017ce w Mszach za Ojczyzn\u0119, kt\u00f3rym przewodniczy\u0142 ks. Hilary Jastak. Eugeniusz Szulc by\u0142 wielokrotnie przes\u0142uchiwany i szanta\u017cowany m.in. utrat\u0105 pracy.  <\/p>\n","protected":false},"excerpt":{"rendered":"<p>W sierpniu 1980 roku bra\u0142 udzia\u0142 z strajku w Stoczni im. Komuny Paryskiej w Gdyni. Po wprowadzeniu stanu wojennego zaanga\u017cowa\u0142 si\u0119 w dzia\u0142alno\u015b\u0107 podziemnych struktur \u201eSolidarno\u015bci\u201d. Kolportowa\u0142 czasopisma podziemne w tym m.in. \u201eSolidarno\u015b\u0107 Walcz\u0105c\u0105\u201d, \u201ePoza Uk\u0142adem\u201d, \u201eGryps\u201d, a tak\u017ce ulotki. Uczestniczy\u0142 w akcjach plakatowania w stoczni gdy\u0144skiej oraz w samej Gdyni. Bra\u0142 udzia\u0142 patriotycznych manifestacjach, [&hellip;]<\/p>\n","protected":false},"featured_media":5171,"template":"","meta":[],"_links":{"self":[{"href":"http:\/\/ludzie.fundacja-pih.pl\/index.php\/wp-json\/wp\/v2\/product\/5170"}],"collection":[{"href":"http:\/\/ludzie.fundacja-pih.pl\/index.php\/wp-json\/wp\/v2\/product"}],"about":[{"href":"http:\/\/ludzie.fundacja-pih.pl\/index.php\/wp-json\/wp\/v2\/types\/product"}],"wp:featuredmedia":[{"embeddable":true,"href":"http:\/\/ludzie.fundacja-pih.pl\/index.php\/wp-json\/wp\/v2\/media\/5171"}],"wp:attachment":[{"href":"http:\/\/ludzie.fundacja-pih.pl\/index.php\/wp-json\/wp\/v2\/media?parent=5170"}],"curies":[{"name":"wp","href":"https:\/\/api.w.org\/{rel}","templated":true}]}}

<p>W sierpniu 1980 roku brał udział z strajku w Stoczni im. Komuny Paryskiej w Gdyni. Po wprowadzeniu stanu wojennego zaangażował się w działalność podziemnych struktur „Solidarności”. Kolportował czasopisma podziemne w tym m.in. „Solidarność Walczącą”, „Poza Układem”, „Gryps”, a także ulotki. Uczestniczył w akcjach plakatowania w stoczni gdyńskiej oraz w samej Gdyni. Brał udział  patriotycznych manifestacjach, a także w Mszach za Ojczyznę, którym przewodniczył ks. Hilary Jastak. Eugeniusz Szulc był wielokrotnie przesłuchiwany i szantażowany m.in. utratą pracy.  </p>

<p>W sierpniu 1980 roku brał udział z strajku w Stoczni im. Komuny Paryskiej w Gdyni. Po wprowadzeniu stanu wojennego zaangażował się w działalność podziemnych struktur „Solidarności”. Kolportował czasopisma podziemne w tym m.in. „Solidarność Walczącą”, „Poza Układem”, „Gryps”, a także ulotki. Uczestniczył w akcjach plakatowania w stoczni gdyńskiej oraz w samej Gdyni. Brał udział patriotycznych manifestacjach, [&hellip;]</p>
