{"id":5189,"date":"2022-02-03T14:21:16","date_gmt":"2022-02-03T14:21:16","guid":{"rendered":"http:\/\/ludzie.fundacja-pih.pl\/?post_type=product&#038;p=5189"},"modified":"2025-05-16T14:23:27","modified_gmt":"2025-05-16T14:23:27","slug":"minkiewicz-jan-holandia","status":"publish","type":"product","link":"http:\/\/ludzie.fundacja-pih.pl\/index.php\/product\/minkiewicz-jan-holandia\/","title":{"rendered":"Minkiewicz Jan (Holandia)"},"content":{"rendered":"<p>Urodzi\u0142 si\u0119 7 stycznia 1946 roku w Sztokholmie, zm. 20 kwietnia 2014 roku w Amsterdamie.<\/p>\n<p>Pracowa\u0142 jako dziennikarz i t\u0142umacz. By\u0142 dzia\u0142aczem politycznym i kulturalnym. Rodzice Jana Minkiewicza pochodzili z Kres\u00f3w. Dziadek by\u0142 lekarzem akademickim na Uniwersytecie Wile\u0144skim. W Wilnie urodzi\u0142 si\u0119 jego ojciec, J\u00f3zef Minkiewicz. Matka, J\u00f3zefa Targo\u0144ska, pochodzi\u0142a z Podola, z Winnicy na Ukrainie. J\u00f3zef Minkiewicz uko\u0144czy\u0142 politechnik\u0119 warszawsk\u0105, potem zaci\u0105gn\u0105\u0142 si\u0119 jako in\u017cynier do marynarki wojennej. Polska marynarka wys\u0142a\u0142a go do Holandii, gdzie Polska zam\u00f3wi\u0142a dwie \u0142odzie podwodne: \u201eOr\u0142a\u201d i \u201eS\u0119pa\u201d. Ojciec nadzorowa\u0142 budow\u0119 \u0142odzi podwodnych, kt\u00f3r\u0105 uko\u0144czono tu\u017c przed wybuchem wojny, w sierpniu 1939 roku. J\u00f3zef Minkiewicz zosta\u0142 zmobilizowany w Gdyni i s\u0142u\u017cy\u0142 na jednej z \u0142odzi do momentu internowania za\u0142ogi wraz z \u0142odzi\u0105 w Szwecji. Matka J\u00f3zefa do\u0142\u0105czy\u0142a po czasie do m\u0119\u017ca w Szwecji, przebywaj\u0105c u rodziny ojca na Litwie, ju\u017c zaj\u0119tej przez Sowiet\u00f3w, uda\u0142a si\u0119 do likwidowanego konsulatu szwedzkiego w Wilnie. Szwedzi udzielili jej pomocy, w zaplombowanym poci\u0105gu ze szwedzkimi dyplomatami, przejecha\u0142a przez ca\u0142\u0105 Polsk\u0119, Niemcy, Dani\u0119 do Szwecji. Jan Minkiewicz studiowa\u0142 politykologi\u0119 w latach 1964-1970 na uniwersytecie w Amsterdamie. Wtedy zacz\u0105\u0142 bli\u017cej interesowa\u0107 si\u0119 komunizmem jako ideologi\u0105. Pr\u00f3bowa\u0142 zrozumie\u0107, na czym ten system polega. Wtedy w latach 60. zacz\u0105\u0142 je\u017adzi\u0107 do Polski, spotyka\u0142 r\u00f3\u017cnych dysydent\u00f3w polskich, pisarzy, socjolog\u00f3w. W latach 70., po tym jak powsta\u0142 KOR (Komitet Obrony Robotnik\u00f3w), pozna\u0142 ludzi z jego kr\u0119gu.<br \/>\nPod koniec lat 70. z kilkoma Polakami w Amsterdamie za\u0142o\u017cy\u0142 organizacj\u0119 MERPOL (skr\u00f3t od MEnsenRechten voor POLen czyli prawa cz\u0142owieka dla Polak\u00f3w). \u201eChcieli\u015bmy zrobi\u0107 lobbing w\u015br\u00f3d polityk\u00f3w holenderskich, aby zwr\u00f3ci\u0107 uwag\u0119 na sytuacj\u0119 w Polsce: kryzys gospodarczy, prze\u015bladowanie ludzi\u2026 Mieli\u015bmy ma\u0142\u0105 grupk\u0119, z kt\u00f3r\u0105 pr\u00f3bowali\u015bmy organizowa\u0107 wiece, dyskusje z Holendrami, \u017ceby u\u015bwiadomi\u0107, \u017ce jest co\u015b takiego jak Polska. \u017be dzieje si\u0119 tam co\u015b, czemu warto si\u0119 przyjrze\u0107 i wspiera\u0107, w miar\u0119 mo\u017cliwo\u015bci\u201d- tak to t\u0142umaczy\u0142 w wywiadzie. W 1982 roku za\u0142o\u017cy\u0142 Biuro \u201eSolidarno\u015bci\u201d w Holandii. Wkr\u00f3tce p\u00f3\u017aniej za\u0142o\u017cy\u0142 r\u00f3wnie\u017c ekspozytur\u0119 \u201eSolidarno\u015bci Walcz\u0105cej\u201d w Amsterdamie. W 2001 roku zosta\u0142 odznaczony Krzy\u017cem Kawalerskim Orderu Zas\u0142ugi RP. <\/p>\n","protected":false},"excerpt":{"rendered":"<p>Urodzi\u0142 si\u0119 7 stycznia 1946 roku w Sztokholmie, zm. 20 kwietnia 2014 roku w Amsterdamie. Pracowa\u0142 jako dziennikarz i t\u0142umacz. By\u0142 dzia\u0142aczem politycznym i kulturalnym. Rodzice Jana Minkiewicza pochodzili z Kres\u00f3w. Dziadek by\u0142 lekarzem akademickim na Uniwersytecie Wile\u0144skim. W Wilnie urodzi\u0142 si\u0119 jego ojciec, J\u00f3zef Minkiewicz. Matka, J\u00f3zefa Targo\u0144ska, pochodzi\u0142a z Podola, z Winnicy na [&hellip;]<\/p>\n","protected":false},"featured_media":5190,"template":"","meta":[],"_links":{"self":[{"href":"http:\/\/ludzie.fundacja-pih.pl\/index.php\/wp-json\/wp\/v2\/product\/5189"}],"collection":[{"href":"http:\/\/ludzie.fundacja-pih.pl\/index.php\/wp-json\/wp\/v2\/product"}],"about":[{"href":"http:\/\/ludzie.fundacja-pih.pl\/index.php\/wp-json\/wp\/v2\/types\/product"}],"wp:featuredmedia":[{"embeddable":true,"href":"http:\/\/ludzie.fundacja-pih.pl\/index.php\/wp-json\/wp\/v2\/media\/5190"}],"wp:attachment":[{"href":"http:\/\/ludzie.fundacja-pih.pl\/index.php\/wp-json\/wp\/v2\/media?parent=5189"}],"curies":[{"name":"wp","href":"https:\/\/api.w.org\/{rel}","templated":true}]}}

<p>Urodził się 7 stycznia 1946 roku w Sztokholmie, zm. 20 kwietnia 2014 roku w Amsterdamie.</p>
<p>Pracował jako dziennikarz i tłumacz. Był działaczem politycznym i kulturalnym. Rodzice Jana Minkiewicza pochodzili z Kresów. Dziadek był lekarzem akademickim na Uniwersytecie Wileńskim. W Wilnie urodził się jego ojciec, Józef Minkiewicz. Matka, Józefa Targońska, pochodziła z Podola, z Winnicy na Ukrainie. Józef Minkiewicz ukończył politechnikę warszawską, potem zaciągnął się jako inżynier do marynarki wojennej. Polska marynarka wysłała go do Holandii, gdzie Polska zamówiła dwie łodzie podwodne: „Orła” i „Sępa”. Ojciec nadzorował budowę łodzi podwodnych, którą ukończono tuż przed wybuchem wojny, w sierpniu 1939 roku. Józef Minkiewicz został zmobilizowany w Gdyni i służył na jednej z łodzi do momentu internowania załogi wraz z łodzią w Szwecji. Matka Józefa dołączyła po czasie do męża w Szwecji, przebywając u rodziny ojca na Litwie, już zajętej przez Sowietów, udała się do likwidowanego konsulatu szwedzkiego w Wilnie. Szwedzi udzielili jej pomocy, w zaplombowanym pociągu ze szwedzkimi dyplomatami, przejechała przez całą Polskę, Niemcy, Danię do Szwecji. Jan Minkiewicz studiował politykologię w latach 1964-1970 na uniwersytecie w Amsterdamie. Wtedy zaczął bliżej interesować się komunizmem jako ideologią. Próbował zrozumieć, na czym ten system polega. Wtedy w latach 60. zaczął jeździć do Polski, spotykał różnych dysydentów polskich, pisarzy, socjologów. W latach 70., po tym jak powstał KOR (Komitet Obrony Robotników), poznał ludzi z jego kręgu.<br />
Pod koniec lat 70. z kilkoma Polakami w Amsterdamie założył organizację MERPOL (skrót od MEnsenRechten voor POLen czyli prawa człowieka dla Polaków). „Chcieliśmy zrobić lobbing wśród polityków holenderskich, aby zwrócić uwagę na sytuację w Polsce: kryzys gospodarczy, prześladowanie ludzi… Mieliśmy małą grupkę, z którą próbowaliśmy organizować wiece, dyskusje z Holendrami, żeby uświadomić, że jest coś takiego jak Polska. Że dzieje się tam coś, czemu warto się przyjrzeć i wspierać, w miarę możliwości”- tak to tłumaczył w wywiadzie. W 1982 roku założył Biuro „Solidarności” w Holandii. Wkrótce później założył również ekspozyturę „Solidarności Walczącej” w Amsterdamie. W 2001 roku został odznaczony Krzyżem Kawalerskim Orderu Zasługi RP. </p>

<p>Urodził się 7 stycznia 1946 roku w Sztokholmie, zm. 20 kwietnia 2014 roku w Amsterdamie. Pracował jako dziennikarz i tłumacz. Był działaczem politycznym i kulturalnym. Rodzice Jana Minkiewicza pochodzili z Kresów. Dziadek był lekarzem akademickim na Uniwersytecie Wileńskim. W Wilnie urodził się jego ojciec, Józef Minkiewicz. Matka, Józefa Targońska, pochodziła z Podola, z Winnicy na [&hellip;]</p>
