{"id":5203,"date":"2022-02-08T08:32:39","date_gmt":"2022-02-08T08:32:39","guid":{"rendered":"http:\/\/ludzie.fundacja-pih.pl\/?post_type=product&#038;p=5203"},"modified":"2025-05-16T14:23:29","modified_gmt":"2025-05-16T14:23:29","slug":"stefaniak-lech-jerzy-konin","status":"publish","type":"product","link":"http:\/\/ludzie.fundacja-pih.pl\/index.php\/product\/stefaniak-lech-jerzy-konin\/","title":{"rendered":"Stefaniak Lech Jerzy (Konin)"},"content":{"rendered":"<p>Urodzi\u0142 si\u0119 18 czerwca 1951 roku w Drezdenku.<\/p>\n<p>W 1975 roku uko\u0144czy\u0142 studia na Uniwersytecie im. Adama Mickiewicza. W latach 1972 &#8211; 1974 pe\u0142ni\u0142 funkcj\u0119 redaktora niezale\u017cnego magazynu satyrycznego \u201eNowy Dzwonek Poranny\u201d, kt\u00f3rego by\u0142 r\u00f3wnie\u017c za\u0142o\u017cycielem. W latach 1975 &#8211; 1977 by\u0142 prezesem Klubu Dziennikarzy Studenckich w Poznaniu i redaktorem naczelnym jednodni\u00f3wki \u201eSpojrzenia\u201d. W latach 1979 &#8211; 1982 pracowa\u0142 jako redaktor w \u201ePrzegl\u0105dzie Koni\u0144skim\u201d. W latach 1958 &#8211; 1961 nale\u017ca\u0142 do ZHP, w latach 1971 &#8211; 1973 do ZSP. W 1973 roku uczestniczy\u0142 w protestach przeciwko rozwi\u0105zaniu Zrzeszenia Student\u00f3w Polskich, w nast\u0119pstwie czego by\u0142 przes\u0142uchiwany i poddawany rewizjom. We wrze\u015bniu 1980 roku wst\u0105pi\u0142 do NSZZ \u201eSolidarno\u015b\u0107\u201d, wchodzi\u0142 w sk\u0142ad Komitetu Za\u0142o\u017cycielskiego Mi\u0119dzyredakcyjnego Ko\u0142a Dziennikarzy \u201eS\u201d w Koninie. Po wprowadzeniu stanu wojennego, od 13 do 25 grudnia 1981 roku, przebywa\u0142 w ukryciu. 31 marca 1982 roku zosta\u0142 zwolniony z pracy. W latach 1982 &#8211; 1984 by\u0142 zatrudniony jako stolarz w Poznaniu. W latach 1982 &#8211; 1989 dzia\u0142a\u0142 w konspiracji. Kolportowa\u0142 wydawnictwa podziemne. By\u0142 autorem w podziemnej prasie. W latach 1983 &#8211; 1985 by\u0142 wyk\u0142adowc\u0105 najnowszej historii Polski w parafii \u015bw. Wojciecha w Koninie. W latach 1984 &#8211; 1988 wsp\u00f3\u0142tworzy\u0142 i redagowa\u0142 dwutygodnik parafialny \u201eSzcz\u0119\u015b\u0107 Bo\u017ce\u201d umieszczany w gablocie przed koni\u0144skim ko\u015bcio\u0142em \u015bw. Wojciecha. Od 1984 roku dzia\u0142a\u0142 w strukturach W 1984 roku zosta\u0142 redaktorem koni\u0144skiej \u201eSolidarno\u015bci Walcz\u0105cej\u201d (nr. 4-9) oraz wsp\u00f3\u0142za\u0142o\u017cycielem Klubu Dziennikarzy Katolickich. W latach 1984 &#8211; 1989 pe\u0142ni\u0142 funkcj\u0119 kierownika \u201eKlubu U Lecha\u201d Koni\u0144skiej Sp\u00f3\u0142dzielni Mieszkaniowej. W latach 1985 &#8211; 1989 by\u0142 prezesem Oddzia\u0142u Towarzystwa Literackiego im. A. Mickiewicza. W 1988 roku wsp\u00f3\u0142organizowa\u0142 dzia\u0142alno\u015b\u0107 Koni\u0144skiego Klubu Politycznego \u201e\u0141ad i Wolno\u015b\u0107\u201d. W latach 1989 &#8211; 1990 szefowa\u0142 Ko\u0142u Terenowemu Polskiego Klubu Ekologicznego i wsp\u00f3\u0142tworzy\u0142 Rad\u0119 Porozumiewawcz\u0105 Organizacji Niezale\u017cnych w Koninie. Pe\u0142ni\u0142 tak\u017ce funkcj\u0119 rzecznika prasowego i kierownika Biura ZR \u201eS\u201d w Koninie. W 1998 roku zosta\u0142 odznaczony Srebrnym Krzy\u017cem Zas\u0142ugi, w 2009 roku otrzyma\u0142 Honorow\u0105 Odznak\u0119 im. Ryszarda Stachowiaka. Od 28 grudnia 1981 roku do 23 maja 1984 roku by\u0142 rozpracowywany przez Wydzia\u0142 II\/III\/V KW MO\/WUSW w Koninie w ramach KE o kryptonimie \u201eKonrad\u201d. Od 23 maja 1984 roku do 5 wrze\u015bnia 1989 roku przez Wydzia\u0142 V WUSW w Koninie w ramach SOR o kryptonimie \u201eUk\u0142ad II\u201d. Od 5 wrze\u015bnia 1989 roku do 10 stycznia 1990 roku w ramach SO o kryptonimie \u201eZwi\u0105zkowcy\u201d. <\/p>\n","protected":false},"excerpt":{"rendered":"<p>Urodzi\u0142 si\u0119 18 czerwca 1951 roku w Drezdenku. W 1975 roku uko\u0144czy\u0142 studia na Uniwersytecie im. Adama Mickiewicza. W latach 1972 &#8211; 1974 pe\u0142ni\u0142 funkcj\u0119 redaktora niezale\u017cnego magazynu satyrycznego \u201eNowy Dzwonek Poranny\u201d, kt\u00f3rego by\u0142 r\u00f3wnie\u017c za\u0142o\u017cycielem. W latach 1975 &#8211; 1977 by\u0142 prezesem Klubu Dziennikarzy Studenckich w Poznaniu i redaktorem naczelnym jednodni\u00f3wki \u201eSpojrzenia\u201d. W latach [&hellip;]<\/p>\n","protected":false},"featured_media":0,"template":"","meta":[],"_links":{"self":[{"href":"http:\/\/ludzie.fundacja-pih.pl\/index.php\/wp-json\/wp\/v2\/product\/5203"}],"collection":[{"href":"http:\/\/ludzie.fundacja-pih.pl\/index.php\/wp-json\/wp\/v2\/product"}],"about":[{"href":"http:\/\/ludzie.fundacja-pih.pl\/index.php\/wp-json\/wp\/v2\/types\/product"}],"wp:attachment":[{"href":"http:\/\/ludzie.fundacja-pih.pl\/index.php\/wp-json\/wp\/v2\/media?parent=5203"}],"curies":[{"name":"wp","href":"https:\/\/api.w.org\/{rel}","templated":true}]}}