{"id":5224,"date":"2022-02-14T12:17:20","date_gmt":"2022-02-14T12:17:20","guid":{"rendered":"http:\/\/ludzie.fundacja-pih.pl\/?post_type=product&#038;p=5224"},"modified":"2025-05-16T14:23:38","modified_gmt":"2025-05-16T14:23:38","slug":"krol-jan-nowa-sol","status":"publish","type":"product","link":"http:\/\/ludzie.fundacja-pih.pl\/index.php\/product\/krol-jan-nowa-sol\/","title":{"rendered":"Kr\u00f3l Jan (Nowa S\u00f3l)"},"content":{"rendered":"<p>Urodzi\u0142 si\u0119 24 czerwca 1946 roku w Seefeld. <\/p>\n<p>W 1980 roku wst\u0105pi\u0142 do NSZZ \u201eSolidarno\u015b\u0107\u201d w \u201eDozamet\u201d w Nowej Soli. Bra\u0142 udzia\u0142 w akcjach zbi\u00f3rek pieni\u0119dzy oraz paczek \u017cywno\u015bciowych dla os\u00f3b internowanych i ich rodzin. Rozprowadza\u0142 ulotki, by\u0142 tak\u017cet \u0142\u0105cznikiem pomi\u0119dzy drukarni\u0105 a zak\u0142adem pracy. W jego mieszkaniu trzykrotnie przeprowadzano rewizj\u0119. Jan Kr\u00f3l by\u0142 rewidowany r\u00f3wnie\u017c w swoim miejscu pracy. Dzia\u0142a\u0142 w Duszpasterstwie Ludzi Pracy przy parafii pw. \u015aw Antoniego w Nowej Soli. W trakcie pielgrzymek rozprowadza\u0142 wydawnictwa podziemnej \u201eSolidarno\u015bci\u201d. W 1986 roku zosta\u0142 zaprzysi\u0119\u017conym cz\u0142onkiem \u201eSolidarno\u015bci Walcz\u0105cej\u201d. <\/p>\n","protected":false},"excerpt":{"rendered":"<p>Urodzi\u0142 si\u0119 24 czerwca 1946 roku w Seefeld. W 1980 roku wst\u0105pi\u0142 do NSZZ \u201eSolidarno\u015b\u0107\u201d w \u201eDozamet\u201d w Nowej Soli. Bra\u0142 udzia\u0142 w akcjach zbi\u00f3rek pieni\u0119dzy oraz paczek \u017cywno\u015bciowych dla os\u00f3b internowanych i ich rodzin. Rozprowadza\u0142 ulotki, by\u0142 tak\u017cet \u0142\u0105cznikiem pomi\u0119dzy drukarni\u0105 a zak\u0142adem pracy. W jego mieszkaniu trzykrotnie przeprowadzano rewizj\u0119. Jan Kr\u00f3l by\u0142 rewidowany [&hellip;]<\/p>\n","protected":false},"featured_media":0,"template":"","meta":[],"_links":{"self":[{"href":"http:\/\/ludzie.fundacja-pih.pl\/index.php\/wp-json\/wp\/v2\/product\/5224"}],"collection":[{"href":"http:\/\/ludzie.fundacja-pih.pl\/index.php\/wp-json\/wp\/v2\/product"}],"about":[{"href":"http:\/\/ludzie.fundacja-pih.pl\/index.php\/wp-json\/wp\/v2\/types\/product"}],"wp:attachment":[{"href":"http:\/\/ludzie.fundacja-pih.pl\/index.php\/wp-json\/wp\/v2\/media?parent=5224"}],"curies":[{"name":"wp","href":"https:\/\/api.w.org\/{rel}","templated":true}]}}

Król Jan (Nowa Sól)

<p>Urodził się 24 czerwca 1946 roku w Seefeld. </p>
<p>W 1980 roku wstąpił do NSZZ „Solidarność” w „Dozamet” w Nowej Soli. Brał udział w akcjach zbiórek pieniędzy oraz paczek żywnościowych dla osób internowanych i ich rodzin. Rozprowadzał ulotki, był takżet łącznikiem pomiędzy drukarnią a zakładem pracy. W jego mieszkaniu trzykrotnie przeprowadzano rewizję. Jan Król był rewidowany również w swoim miejscu pracy. Działał w Duszpasterstwie Ludzi Pracy przy parafii pw. Św Antoniego w Nowej Soli. W trakcie pielgrzymek rozprowadzał wydawnictwa podziemnej „Solidarności”. W 1986 roku został zaprzysiężonym członkiem „Solidarności Walczącej”. </p>

<p>Urodził się 24 czerwca 1946 roku w Seefeld. W 1980 roku wstąpił do NSZZ „Solidarność” w „Dozamet” w Nowej Soli. Brał udział w akcjach zbiórek pieniędzy oraz paczek żywnościowych dla osób internowanych i ich rodzin. Rozprowadzał ulotki, był takżet łącznikiem pomiędzy drukarnią a zakładem pracy. W jego mieszkaniu trzykrotnie przeprowadzano rewizję. Jan Król był rewidowany [&hellip;]</p>
