{"id":5225,"date":"2022-02-14T13:08:43","date_gmt":"2022-02-14T13:08:43","guid":{"rendered":"http:\/\/ludzie.fundacja-pih.pl\/?post_type=product&#038;p=5225"},"modified":"2025-05-16T14:23:38","modified_gmt":"2025-05-16T14:23:38","slug":"kudelska-rusiecka-maria","status":"publish","type":"product","link":"http:\/\/ludzie.fundacja-pih.pl\/index.php\/product\/kudelska-rusiecka-maria\/","title":{"rendered":"Kudelska-Rusiecka Maria"},"content":{"rendered":"<p>Urodzi\u0142a si\u0119 11 marca 1939 roku w Wielmo\u017cy.<\/p>\n<p>Dzia\u0142a\u0142a pod pseudonimem \u201eStokrotka\u201d. Pe\u0142ni\u0142a funkcj\u0119 kolportera i \u0142\u0105czniczki mi\u0119dzy strukturami solidarno\u015bciowymi. Udost\u0119pnia\u0142a mieszkanie na spotkania \u201eSolidarno\u015bci Walcz\u0105cej\u201d. Wspomaga\u0142a drukarzy. Dzia\u0142a\u0142a w strukturach SW.<\/p>\n","protected":false},"excerpt":{"rendered":"<p>Urodzi\u0142a si\u0119 11 marca 1939 roku w Wielmo\u017cy. Dzia\u0142a\u0142a pod pseudonimem \u201eStokrotka\u201d. Pe\u0142ni\u0142a funkcj\u0119 kolportera i \u0142\u0105czniczki mi\u0119dzy strukturami solidarno\u015bciowymi. Udost\u0119pnia\u0142a mieszkanie na spotkania \u201eSolidarno\u015bci Walcz\u0105cej\u201d. Wspomaga\u0142a drukarzy. Dzia\u0142a\u0142a w strukturach SW.<\/p>\n","protected":false},"featured_media":0,"template":"","meta":[],"_links":{"self":[{"href":"http:\/\/ludzie.fundacja-pih.pl\/index.php\/wp-json\/wp\/v2\/product\/5225"}],"collection":[{"href":"http:\/\/ludzie.fundacja-pih.pl\/index.php\/wp-json\/wp\/v2\/product"}],"about":[{"href":"http:\/\/ludzie.fundacja-pih.pl\/index.php\/wp-json\/wp\/v2\/types\/product"}],"wp:attachment":[{"href":"http:\/\/ludzie.fundacja-pih.pl\/index.php\/wp-json\/wp\/v2\/media?parent=5225"}],"curies":[{"name":"wp","href":"https:\/\/api.w.org\/{rel}","templated":true}]}}

<p>Urodziła się 11 marca 1939 roku w Wielmoży.</p>
<p>Działała pod pseudonimem „Stokrotka”. Pełniła funkcję kolportera i łączniczki między strukturami solidarnościowymi. Udostępniała mieszkanie na spotkania „Solidarności Walczącej”. Wspomagała drukarzy. Działała w strukturach SW.</p>

<p>Urodziła się 11 marca 1939 roku w Wielmoży. Działała pod pseudonimem „Stokrotka”. Pełniła funkcję kolportera i łączniczki między strukturami solidarnościowymi. Udostępniała mieszkanie na spotkania „Solidarności Walczącej”. Wspomagała drukarzy. Działała w strukturach SW.</p>
