{"id":5226,"date":"2022-02-14T13:34:33","date_gmt":"2022-02-14T13:34:33","guid":{"rendered":"http:\/\/ludzie.fundacja-pih.pl\/?post_type=product&#038;p=5226"},"modified":"2025-05-16T14:23:39","modified_gmt":"2025-05-16T14:23:39","slug":"kusz-malgorzata","status":"publish","type":"product","link":"http:\/\/ludzie.fundacja-pih.pl\/index.php\/product\/kusz-malgorzata\/","title":{"rendered":"Kusz Ma\u0142gorzata"},"content":{"rendered":"<p>Urodzi\u0142a si\u0119 5 marca 1953 r. w Rawiczu.<\/p>\n<p>W latach 1981 &#8211; 1982 udost\u0119pnia\u0142a wraz z m\u0119\u017cem, Grzegorzem, mieszkanie przy ul. S\u0119piej 7 we Wroc\u0142awiu na drukarnie pism \u201eSolidarno\u015b\u0107 Walcz\u0105ca\u201d, Replika czy czeskie \u201eOpinie\/Nazory\u201d. By\u0142a \u0142\u0105czniczk\u0105 dystrybucji matryc bia\u0142kowych. Aresztowana z przyczyn politycznych jesieni\u0105 1982 r., by\u0142a wtedy w ci\u0105\u017cy. Zosta\u0142a skazana na rok pozbawienia wolno\u015bci z warunkowym zawieszeniem na okres 3 lat. <\/p>\n","protected":false},"excerpt":{"rendered":"<p>Urodzi\u0142a si\u0119 5 marca 1953 r. w Rawiczu. W latach 1981 &#8211; 1982 udost\u0119pnia\u0142a wraz z m\u0119\u017cem, Grzegorzem, mieszkanie przy ul. S\u0119piej 7 we Wroc\u0142awiu na drukarnie pism \u201eSolidarno\u015b\u0107 Walcz\u0105ca\u201d, Replika czy czeskie \u201eOpinie\/Nazory\u201d. By\u0142a \u0142\u0105czniczk\u0105 dystrybucji matryc bia\u0142kowych. Aresztowana z przyczyn politycznych jesieni\u0105 1982 r., by\u0142a wtedy w ci\u0105\u017cy. Zosta\u0142a skazana na rok pozbawienia [&hellip;]<\/p>\n","protected":false},"featured_media":0,"template":"","meta":[],"_links":{"self":[{"href":"http:\/\/ludzie.fundacja-pih.pl\/index.php\/wp-json\/wp\/v2\/product\/5226"}],"collection":[{"href":"http:\/\/ludzie.fundacja-pih.pl\/index.php\/wp-json\/wp\/v2\/product"}],"about":[{"href":"http:\/\/ludzie.fundacja-pih.pl\/index.php\/wp-json\/wp\/v2\/types\/product"}],"wp:attachment":[{"href":"http:\/\/ludzie.fundacja-pih.pl\/index.php\/wp-json\/wp\/v2\/media?parent=5226"}],"curies":[{"name":"wp","href":"https:\/\/api.w.org\/{rel}","templated":true}]}}

Kusz Małgorzata

<p>Urodziła się 5 marca 1953 r. w Rawiczu.</p>
<p>W latach 1981 &#8211; 1982 udostępniała wraz z mężem, Grzegorzem, mieszkanie przy ul. Sępiej 7 we Wrocławiu na drukarnie pism „Solidarność Walcząca”, Replika czy czeskie „Opinie/Nazory”. Była łączniczką dystrybucji matryc białkowych. Aresztowana z przyczyn politycznych jesienią 1982 r., była wtedy w ciąży. Została skazana na rok pozbawienia wolności z warunkowym zawieszeniem na okres 3 lat. </p>

<p>Urodziła się 5 marca 1953 r. w Rawiczu. W latach 1981 &#8211; 1982 udostępniała wraz z mężem, Grzegorzem, mieszkanie przy ul. Sępiej 7 we Wrocławiu na drukarnie pism „Solidarność Walcząca”, Replika czy czeskie „Opinie/Nazory”. Była łączniczką dystrybucji matryc białkowych. Aresztowana z przyczyn politycznych jesienią 1982 r., była wtedy w ciąży. Została skazana na rok pozbawienia [&hellip;]</p>
