{"id":5239,"date":"2022-02-15T13:53:09","date_gmt":"2022-02-15T13:53:09","guid":{"rendered":"http:\/\/ludzie.fundacja-pih.pl\/?post_type=product&#038;p=5239"},"modified":"2025-05-16T14:23:43","modified_gmt":"2025-05-16T14:23:43","slug":"sidorowicz-irena","status":"publish","type":"product","link":"http:\/\/ludzie.fundacja-pih.pl\/index.php\/product\/sidorowicz-irena\/","title":{"rendered":"Sidorowicz Irena"},"content":{"rendered":"<p>Urodzi\u0142a si\u0119 20 stycznia 1948 roku w Jeleniej G\u00f3rze. <\/p>\n<p>By\u0142a aktywnie zaanga\u017cowana w dzia\u0142alno\u015b\u0107 w strukturach KZ NSZZ \u201eSolidarno\u015b\u0107\u201d przy Specjalistycznym Zespole Psychiatrycznej Opieki Zdrowotnej we Wroc\u0142awiu. Po wprowadzeniu stanu wojennego  udziela\u0142a pomocy medycznej osobom represjonowanym. Organizowa\u0142a tak\u017ce dla ww. os\u00f3b pomoc materialn\u0105. W trakcie swojej dzia\u0142alno\u015bci kolportowa\u0142a wydawnictwa podziemne w tym r\u00f3wnie\u017c te, kt\u00f3re sygnowane by\u0142y przez \u201eSolidarno\u015b\u0107 Walcz\u0105c\u0105\u201d.<\/p>\n","protected":false},"excerpt":{"rendered":"<p>Urodzi\u0142a si\u0119 20 stycznia 1948 roku w Jeleniej G\u00f3rze. By\u0142a aktywnie zaanga\u017cowana w dzia\u0142alno\u015b\u0107 w strukturach KZ NSZZ \u201eSolidarno\u015b\u0107\u201d przy Specjalistycznym Zespole Psychiatrycznej Opieki Zdrowotnej we Wroc\u0142awiu. Po wprowadzeniu stanu wojennego udziela\u0142a pomocy medycznej osobom represjonowanym. Organizowa\u0142a tak\u017ce dla ww. os\u00f3b pomoc materialn\u0105. W trakcie swojej dzia\u0142alno\u015bci kolportowa\u0142a wydawnictwa podziemne w tym r\u00f3wnie\u017c te, kt\u00f3re [&hellip;]<\/p>\n","protected":false},"featured_media":0,"template":"","meta":[],"_links":{"self":[{"href":"http:\/\/ludzie.fundacja-pih.pl\/index.php\/wp-json\/wp\/v2\/product\/5239"}],"collection":[{"href":"http:\/\/ludzie.fundacja-pih.pl\/index.php\/wp-json\/wp\/v2\/product"}],"about":[{"href":"http:\/\/ludzie.fundacja-pih.pl\/index.php\/wp-json\/wp\/v2\/types\/product"}],"wp:attachment":[{"href":"http:\/\/ludzie.fundacja-pih.pl\/index.php\/wp-json\/wp\/v2\/media?parent=5239"}],"curies":[{"name":"wp","href":"https:\/\/api.w.org\/{rel}","templated":true}]}}