{"id":524,"date":"2020-12-02T12:05:14","date_gmt":"2020-12-02T12:05:14","guid":{"rendered":"http:\/\/ludzie.fundacja-pih.pl\/?post_type=product&#038;p=524"},"modified":"2025-05-16T14:10:26","modified_gmt":"2025-05-16T14:10:26","slug":"grzybowski-andrzej","status":"publish","type":"product","link":"http:\/\/ludzie.fundacja-pih.pl\/index.php\/product\/grzybowski-andrzej\/","title":{"rendered":"Grzybowski Andrzej"},"content":{"rendered":"<p>Urodzi\u0142 si\u0119 15 stycznia 1948 roku w Poznaniu.<\/p>\n<p>W pierwszej po\u0142owie lat sze\u015b\u0107dziesi\u0105tych XX wieku podj\u0105\u0142 prac\u0119 w Zak\u0142adach Hipolita Cegielskiego w Poznaniu. W kwietniu 1968 roku rozpocz\u0105\u0142 s\u0142u\u017cb\u0119 wojskow\u0105. Po jej zako\u0144czeniu powr\u00f3ci\u0142 do pracy w HCP. W 1980 roku wst\u0105pi\u0142 do NSZZ \u201eSolidarno\u015b\u0107\u201d. Po wprowadzeniu stanu wojennego przeprowadzono z nim rozmow\u0119 ostrzegawcz\u0105. Poniewa\u017c dzia\u0142a\u0142 w strukturach podziemnych \u201eSolidarno\u015bci\u201d, w listopadzie 1982 roku zosta\u0142 internowany i osadzony w O\u015brodku Odosobnienia w Wierzchowie Pomorskim. W  lutym 1983 roku zosta\u0142 aresztowany. Wyszed\u0142em na wolno\u015b\u0107 w lipcu tego samego roku, po og\u0142oszeniu amnestii. Nadal by\u0142 zaanga\u017cowany w kolporta\u017c i druk wydawnictw podziemnych. W maju 1986 roku zosta\u0142 ponownie aresztowany. Zwolniono go na mocy amnestii w sierpniu 1986 roku. Przeprowadzono z nim w\u00f3wczas zn\u00f3w rozmow\u0119 ostrzegawcz\u0105 i zaproponowano mu tym wsp\u00f3\u0142prac\u0119 z SB. Gdy odm\u00f3wi\u0142, zosta\u0142 zmuszony do zwolnienia si\u0119 z HCP. Wsp\u00f3\u0142pracowa\u0142 z pozna\u0144sk\u0105  \u201eSolidarno\u015bci\u0105 Walcz\u0105c\u0105\u201d. Bra\u0142 udzia\u0142  w wielu antyre\u017cimowych demonstracjach, w kolporta\u017cu i w druku SW. Podj\u0105\u0142 prac\u0119 w Sp\u00f3\u0142dzielni Pracy \u201eWenus\u201d. Wsp\u00f3\u0142organizowa\u0142 Punkt Wydawania Lek\u00f3w g\u0142\u00f3wnie dla pracownik\u00f3w HCP. Wielokrotnie zatrzymywano go na 48 godzin. Andrzej Grzybowski wielokrotnie stawa\u0142 przed Kolegium Karnym za dzia\u0142alno\u015b\u0107 polityczn\u0105. By\u0142 represjonowany. W latach 1986 &#8211; 1988 nale\u017ca\u0142 do Polskiej Patii Socjalistycznej. Wchodzi\u0142 w sk\u0142ad prezydium ww. partii w Poznaniu. Wyst\u0105pi\u0142 w 1988 roku ze wzgl\u0119d\u00f3w \u015bwiatopogl\u0105dowych. W 2001 roku otrzyma\u0142 odznaczenie Zas\u0142u\u017conego Dzia\u0142acza Kultury, w 2010 roku odznaczono go Z\u0142otym Krzy\u017cem Zas\u0142ugi, a w 2013 roku Krzy\u017cem Wolno\u015bci i Solidarno\u015bci. <\/p>\n","protected":false},"excerpt":{"rendered":"<p>Urodzi\u0142 si\u0119 15 stycznia 1948 roku w Poznaniu. W pierwszej po\u0142owie lat sze\u015b\u0107dziesi\u0105tych XX wieku podj\u0105\u0142 prac\u0119 w Zak\u0142adach Hipolita Cegielskiego w Poznaniu. W kwietniu 1968 roku rozpocz\u0105\u0142 s\u0142u\u017cb\u0119 wojskow\u0105. Po jej zako\u0144czeniu powr\u00f3ci\u0142 do pracy w HCP. W 1980 roku wst\u0105pi\u0142 do NSZZ \u201eSolidarno\u015b\u0107\u201d. Po wprowadzeniu stanu wojennego przeprowadzono z nim rozmow\u0119 ostrzegawcz\u0105. Poniewa\u017c [&hellip;]<\/p>\n","protected":false},"featured_media":528,"template":"","meta":[],"_links":{"self":[{"href":"http:\/\/ludzie.fundacja-pih.pl\/index.php\/wp-json\/wp\/v2\/product\/524"}],"collection":[{"href":"http:\/\/ludzie.fundacja-pih.pl\/index.php\/wp-json\/wp\/v2\/product"}],"about":[{"href":"http:\/\/ludzie.fundacja-pih.pl\/index.php\/wp-json\/wp\/v2\/types\/product"}],"wp:featuredmedia":[{"embeddable":true,"href":"http:\/\/ludzie.fundacja-pih.pl\/index.php\/wp-json\/wp\/v2\/media\/528"}],"wp:attachment":[{"href":"http:\/\/ludzie.fundacja-pih.pl\/index.php\/wp-json\/wp\/v2\/media?parent=524"}],"curies":[{"name":"wp","href":"https:\/\/api.w.org\/{rel}","templated":true}]}}