{"id":5297,"date":"2022-04-14T10:54:27","date_gmt":"2022-04-14T10:54:27","guid":{"rendered":"http:\/\/ludzie.fundacja-pih.pl\/?post_type=product&#038;p=5297"},"modified":"2025-05-16T14:23:46","modified_gmt":"2025-05-16T14:23:46","slug":"kisielewski-andrzej-2","status":"publish","type":"product","link":"http:\/\/ludzie.fundacja-pih.pl\/index.php\/product\/kisielewski-andrzej-2\/","title":{"rendered":"Kisielewski Andrzej"},"content":{"rendered":"<p>Urodzi\u0142 si\u0119 15 maja 1953 roku w Jeleniej G\u00f3rze.<\/p>\n<p>W latach 1982 &#8211; 1989 dzia\u0142a\u0142 w \u201eSolidarno\u015bci Walcz\u0105cej\u201d oraz RKS \u201eDolny \u015al\u0105sk\u201d. By\u0142 autorem wielu artyku\u0142\u00f3w w pismach podziemnych (ps. Jan Mak, alias). Redagowa\u0142 dwa numery \u201eBiuletynu Dolno\u015bl\u0105skiego\u201d w stanie wojennym. Od marca 1983 roku do listopada 1987 roku by\u0142 redaktorem pisma \u201eSolidarno\u015b\u0107 Walcz\u0105ca\u201d. Pod jego kierownictwem, w ww. okresie powstawa\u0142a pierwsza wersja numeru pisma, kt\u00f3ra nast\u0119pnie przekazywana by\u0142a Kornelowi Morawieckiemu do akceptacji. W jego mieszkaniu, kt\u00f3re by\u0142o pod obserwacj\u0105 SB, odbywa\u0142y si\u0119 spotkania redakcyjne. Andrzej Kisielewski udziela\u0142 r\u00f3\u017cnorakiej pomocy RKS-owi m.in. redagowa\u0142 audycje podziemne Radia Solidarno\u015b\u0107. By\u0142 kilkakrotnie aresztowany i przes\u0142uchiwany. W okolicach dat rocznic obchodzonych przez \u201eSolidarno\u015b\u0107\u201d, zmuszony do ukrywania si\u0119. Zosta\u0142 odsuni\u0119ty od zaj\u0119\u0107 na elitarnym wydziale PPT Politechniki Wroc\u0142awskiej za \u201ez\u0142y wp\u0142yw na student\u00f3w\u201d i przeniesiony do zaj\u0119\u0107 w filii Politechniki Wroc\u0142awskiej w Legnicy. Rada Instytutu Matematyki Politechniki Wroc\u0142awskiej, w kt\u00f3rym pracowa\u0142, przyj\u0119\u0142a wniosek o zwolnienie go z pracy na Politechnice Wroc\u0142awskiej pod pretekstem braku perspektyw na rozw\u00f3j naukowy. Do zwolnienia nie dosz\u0142o z powodu przedstawienia w kr\u00f3tkim czasie rozprawy habilitacyjnej. W jego mieszkaniu odby\u0142o si\u0119 kilka rewizji, mia\u0142y miejsce tak\u017ce pr\u00f3by wtargni\u0119cia do mieszkania przez okno. <\/p>\n","protected":false},"excerpt":{"rendered":"<p>Urodzi\u0142 si\u0119 15 maja 1953 roku w Jeleniej G\u00f3rze. W latach 1982 &#8211; 1989 dzia\u0142a\u0142 w \u201eSolidarno\u015bci Walcz\u0105cej\u201d oraz RKS \u201eDolny \u015al\u0105sk\u201d. By\u0142 autorem wielu artyku\u0142\u00f3w w pismach podziemnych (ps. Jan Mak, alias). Redagowa\u0142 dwa numery \u201eBiuletynu Dolno\u015bl\u0105skiego\u201d w stanie wojennym. Od marca 1983 roku do listopada 1987 roku by\u0142 redaktorem pisma \u201eSolidarno\u015b\u0107 Walcz\u0105ca\u201d. Pod [&hellip;]<\/p>\n","protected":false},"featured_media":0,"template":"","meta":[],"_links":{"self":[{"href":"http:\/\/ludzie.fundacja-pih.pl\/index.php\/wp-json\/wp\/v2\/product\/5297"}],"collection":[{"href":"http:\/\/ludzie.fundacja-pih.pl\/index.php\/wp-json\/wp\/v2\/product"}],"about":[{"href":"http:\/\/ludzie.fundacja-pih.pl\/index.php\/wp-json\/wp\/v2\/types\/product"}],"wp:attachment":[{"href":"http:\/\/ludzie.fundacja-pih.pl\/index.php\/wp-json\/wp\/v2\/media?parent=5297"}],"curies":[{"name":"wp","href":"https:\/\/api.w.org\/{rel}","templated":true}]}}

<p>Urodził się 15 maja 1953 roku w Jeleniej Górze.</p>
<p>W latach 1982 &#8211; 1989 działał w „Solidarności Walczącej” oraz RKS „Dolny Śląsk”. Był autorem wielu artykułów w pismach podziemnych (ps. Jan Mak, alias). Redagował dwa numery „Biuletynu Dolnośląskiego” w stanie wojennym. Od marca 1983 roku do listopada 1987 roku był redaktorem pisma „Solidarność Walcząca”. Pod jego kierownictwem, w ww. okresie powstawała pierwsza wersja numeru pisma, która następnie przekazywana była Kornelowi Morawieckiemu do akceptacji. W jego mieszkaniu, które było pod obserwacją SB, odbywały się spotkania redakcyjne. Andrzej Kisielewski udzielał różnorakiej pomocy RKS-owi m.in. redagował audycje podziemne Radia Solidarność. Był kilkakrotnie aresztowany i przesłuchiwany. W okolicach dat rocznic obchodzonych przez „Solidarność”, zmuszony do ukrywania się. Został odsunięty od zajęć na elitarnym wydziale PPT Politechniki Wrocławskiej za „zły wpływ na studentów” i przeniesiony do zajęć w filii Politechniki Wrocławskiej w Legnicy. Rada Instytutu Matematyki Politechniki Wrocławskiej, w którym pracował, przyjęła wniosek o zwolnienie go z pracy na Politechnice Wrocławskiej pod pretekstem braku perspektyw na rozwój naukowy. Do zwolnienia nie doszło z powodu przedstawienia w krótkim czasie rozprawy habilitacyjnej. W jego mieszkaniu odbyło się kilka rewizji, miały miejsce także próby wtargnięcia do mieszkania przez okno. </p>

<p>Urodził się 15 maja 1953 roku w Jeleniej Górze. W latach 1982 &#8211; 1989 działał w „Solidarności Walczącej” oraz RKS „Dolny Śląsk”. Był autorem wielu artykułów w pismach podziemnych (ps. Jan Mak, alias). Redagował dwa numery „Biuletynu Dolnośląskiego” w stanie wojennym. Od marca 1983 roku do listopada 1987 roku był redaktorem pisma „Solidarność Walcząca”. Pod [&hellip;]</p>
