{"id":5320,"date":"2022-04-27T09:13:10","date_gmt":"2022-04-27T09:13:10","guid":{"rendered":"http:\/\/ludzie.fundacja-pih.pl\/?post_type=product&#038;p=5320"},"modified":"2025-05-16T14:23:48","modified_gmt":"2025-05-16T14:23:48","slug":"krowinski-waldemar-slawomir","status":"publish","type":"product","link":"http:\/\/ludzie.fundacja-pih.pl\/index.php\/product\/krowinski-waldemar-slawomir\/","title":{"rendered":"Krowi\u0144ski Waldemar S\u0142awomir"},"content":{"rendered":"<p>Urodzi\u0142 si\u0119 19 lutego 1961 roku we Wroc\u0142awiu.  <\/p>\n<p>Uko\u0144czy\u0142 Akademi\u0119 Muzyczn\u0105 im. K. Lipi\u0144skiego we Wroc\u0142awiu, Wydzia\u0142 IV \u2013 Teoretyczno-Pedagogiczny. Prowadzi\u0142 jako dyrygent i kapelmistrz jedyn\u0105 na Dolnym \u015al\u0105sku Harcersk\u0105 Orkiestr\u0119 D\u0119t\u0105 z\u0142o\u017con\u0105 z licealist\u00f3w i dzieci z podstaw\u00f3wki z Hufca Stare Miasto im. Zawiszy Czarnego. Do Solidarno\u015bci Walcz\u0105cej wst\u0105pi\u0142 w lipcu 1982 roku. Przysi\u0119g\u0119 z\u0142o\u017cy\u0142 w tzw. Kornel\u00f3wce. Po uzgodnieniu swojej dzia\u0142alno\u015bci z Kornelem Morawieckim, Waldemar Krowi\u0144ski mia\u0142 za zadanie utworzy\u0107 tzw. 3 lini\u0119. Mia\u0142o to by\u0107 na wypadek wsypy, a metody te dotyczy\u0142y na stosowaniu \u201ewyrafinowanych\u201d metod. Dzia\u0142a\u0144 si\u0142owych w sytuacji, kiedy metody SB wobec SW czy podczas demonstracji ulicznych zosta\u0142yby zbrutalizowane. Chodzi\u0142o o szybk\u0105 reakcj\u0119 i wystraszenie tak S\u0142u\u017cby Bezpiecze\u0144stwa, jak i aparatu s\u0105downiczego. Je\u017celi ucierpia\u0142aby jedna osoba z opozycji, wtedy minimum trzy osoby z aparatu represji mia\u0142y \u201eoberwa\u0107\u201d. W tym celu kilka zespo\u0142\u00f3w, tzw. \u201epewniak\u00f3w\u201d mia\u0142o przygotowane mundury milicyjne oraz wojskowe w stopniu kapitana z \u201eostrym osprz\u0119towaniem\u201d.   <\/p>\n","protected":false},"excerpt":{"rendered":"<p>Urodzi\u0142 si\u0119 19 lutego 1961 roku we Wroc\u0142awiu. Uko\u0144czy\u0142 Akademi\u0119 Muzyczn\u0105 im. K. Lipi\u0144skiego we Wroc\u0142awiu, Wydzia\u0142 IV \u2013 Teoretyczno-Pedagogiczny. Prowadzi\u0142 jako dyrygent i kapelmistrz jedyn\u0105 na Dolnym \u015al\u0105sku Harcersk\u0105 Orkiestr\u0119 D\u0119t\u0105 z\u0142o\u017con\u0105 z licealist\u00f3w i dzieci z podstaw\u00f3wki z Hufca Stare Miasto im. Zawiszy Czarnego. Do Solidarno\u015bci Walcz\u0105cej wst\u0105pi\u0142 w lipcu 1982 roku. Przysi\u0119g\u0119 [&hellip;]<\/p>\n","protected":false},"featured_media":5349,"template":"","meta":[],"_links":{"self":[{"href":"http:\/\/ludzie.fundacja-pih.pl\/index.php\/wp-json\/wp\/v2\/product\/5320"}],"collection":[{"href":"http:\/\/ludzie.fundacja-pih.pl\/index.php\/wp-json\/wp\/v2\/product"}],"about":[{"href":"http:\/\/ludzie.fundacja-pih.pl\/index.php\/wp-json\/wp\/v2\/types\/product"}],"wp:featuredmedia":[{"embeddable":true,"href":"http:\/\/ludzie.fundacja-pih.pl\/index.php\/wp-json\/wp\/v2\/media\/5349"}],"wp:attachment":[{"href":"http:\/\/ludzie.fundacja-pih.pl\/index.php\/wp-json\/wp\/v2\/media?parent=5320"}],"curies":[{"name":"wp","href":"https:\/\/api.w.org\/{rel}","templated":true}]}}

Krowiński Waldemar Sławomir

<p>Urodził się 19 lutego 1961 roku we Wrocławiu.  </p>
<p>Ukończył Akademię Muzyczną im. K. Lipińskiego we Wrocławiu, Wydział IV – Teoretyczno-Pedagogiczny. Prowadził jako dyrygent i kapelmistrz jedyną na Dolnym Śląsku Harcerską Orkiestrę Dętą złożoną z licealistów i dzieci z podstawówki z Hufca Stare Miasto im. Zawiszy Czarnego. Do Solidarności Walczącej wstąpił w lipcu 1982 roku. Przysięgę złożył w tzw. Kornelówce. Po uzgodnieniu swojej działalności z Kornelem Morawieckim, Waldemar Krowiński miał za zadanie utworzyć tzw. 3 linię. Miało to być na wypadek wsypy, a metody te dotyczyły na stosowaniu „wyrafinowanych” metod. Działań siłowych w sytuacji, kiedy metody SB wobec SW czy podczas demonstracji ulicznych zostałyby zbrutalizowane. Chodziło o szybką reakcję i wystraszenie tak Służby Bezpieczeństwa, jak i aparatu sądowniczego. Jeżeli ucierpiałaby jedna osoba z opozycji, wtedy minimum trzy osoby z aparatu represji miały „oberwać”. W tym celu kilka zespołów, tzw. „pewniaków” miało przygotowane mundury milicyjne oraz wojskowe w stopniu kapitana z „ostrym osprzętowaniem”.   </p>

<p>Urodził się 19 lutego 1961 roku we Wrocławiu. Ukończył Akademię Muzyczną im. K. Lipińskiego we Wrocławiu, Wydział IV – Teoretyczno-Pedagogiczny. Prowadził jako dyrygent i kapelmistrz jedyną na Dolnym Śląsku Harcerską Orkiestrę Dętą złożoną z licealistów i dzieci z podstawówki z Hufca Stare Miasto im. Zawiszy Czarnego. Do Solidarności Walczącej wstąpił w lipcu 1982 roku. Przysięgę [&hellip;]</p>
