{"id":5323,"date":"2022-04-27T09:21:49","date_gmt":"2022-04-27T09:21:49","guid":{"rendered":"http:\/\/ludzie.fundacja-pih.pl\/?post_type=product&#038;p=5323"},"modified":"2025-05-16T14:23:49","modified_gmt":"2025-05-16T14:23:49","slug":"karniej-zofia","status":"publish","type":"product","link":"http:\/\/ludzie.fundacja-pih.pl\/index.php\/product\/karniej-zofia\/","title":{"rendered":"Karniej Zofia"},"content":{"rendered":"<p>Urodzi\u0142a si\u0119 26 listopada 1968 roku we Wroc\u0142awiu.<\/p>\n<p>Po wprowadzeniu stanu wojennego prowadzi\u0142a kolporta\u017c prasy podziemnej oraz ulotek. Pe\u0142ni\u0142a funkcj\u0119 \u0142\u0105cznika mi\u0119dzy r\u00f3\u017cnymi ogniwami podziemnej \u201eSolidarno\u015bci\u201d. W latach 1982 \u2013 1989 aktywnie wspomaga\u0142a matk\u0119, Hann\u0119 \u0141ukowsk\u0105 \u2013 Karniej, w dzia\u0142aniach konspiracyjnych. W okresie aresztowa\u0144 matki oraz jej ukrywania si\u0119, prowadzi\u0142a dom i opiekowa\u0142a si\u0119 m\u0142odszym rodze\u0144stwem. W zwi\u0105zku z prowadzon\u0105 dzia\u0142alno\u015bci\u0105, znajdowa\u0142a si\u0119 w ci\u0105g\u0142ym zainteresowaniu SB. By\u0142a wielokrotnie rewidowana, a w 1987 roku dwukrotnie zatrzymana. Od 1986 roku publikowa\u0142a swoje teksty na \u0142amach prasy niezale\u017cnej, informuj\u0105c m.in. o represjach, kt\u00f3rym by\u0142a poddawana jej rodzina. By\u0142a zastraszana, wielokrotnie n\u0119kana rewizjami, a po uko\u0144czeniu 18 lat dwukrotnie aresztowana na 48 godzin. Do ko\u0144ca lat osiemdziesi\u0105tych uczestniczy\u0142a w kolporta\u017cu wydawnictw podziemnych oraz w demonstracjach ulicznych, organizowanych przez NSZZ \u201eSolidarno\u015b\u0107\u201d i \u201eSolidarno\u015b\u0107 Walcz\u0105c\u0105\u201d.<\/p>\n","protected":false},"excerpt":{"rendered":"<p>Urodzi\u0142a si\u0119 26 listopada 1968 roku we Wroc\u0142awiu. Po wprowadzeniu stanu wojennego prowadzi\u0142a kolporta\u017c prasy podziemnej oraz ulotek. Pe\u0142ni\u0142a funkcj\u0119 \u0142\u0105cznika mi\u0119dzy r\u00f3\u017cnymi ogniwami podziemnej \u201eSolidarno\u015bci\u201d. W latach 1982 \u2013 1989 aktywnie wspomaga\u0142a matk\u0119, Hann\u0119 \u0141ukowsk\u0105 \u2013 Karniej, w dzia\u0142aniach konspiracyjnych. W okresie aresztowa\u0144 matki oraz jej ukrywania si\u0119, prowadzi\u0142a dom i opiekowa\u0142a si\u0119 m\u0142odszym [&hellip;]<\/p>\n","protected":false},"featured_media":0,"template":"","meta":[],"_links":{"self":[{"href":"http:\/\/ludzie.fundacja-pih.pl\/index.php\/wp-json\/wp\/v2\/product\/5323"}],"collection":[{"href":"http:\/\/ludzie.fundacja-pih.pl\/index.php\/wp-json\/wp\/v2\/product"}],"about":[{"href":"http:\/\/ludzie.fundacja-pih.pl\/index.php\/wp-json\/wp\/v2\/types\/product"}],"wp:attachment":[{"href":"http:\/\/ludzie.fundacja-pih.pl\/index.php\/wp-json\/wp\/v2\/media?parent=5323"}],"curies":[{"name":"wp","href":"https:\/\/api.w.org\/{rel}","templated":true}]}}

<p>Urodziła się 26 listopada 1968 roku we Wrocławiu.</p>
<p>Po wprowadzeniu stanu wojennego prowadziła kolportaż prasy podziemnej oraz ulotek. Pełniła funkcję łącznika między różnymi ogniwami podziemnej „Solidarności”. W latach 1982 – 1989 aktywnie wspomagała matkę, Hannę Łukowską – Karniej, w działaniach konspiracyjnych. W okresie aresztowań matki oraz jej ukrywania się, prowadziła dom i opiekowała się młodszym rodzeństwem. W związku z prowadzoną działalnością, znajdowała się w ciągłym zainteresowaniu SB. Była wielokrotnie rewidowana, a w 1987 roku dwukrotnie zatrzymana. Od 1986 roku publikowała swoje teksty na łamach prasy niezależnej, informując m.in. o represjach, którym była poddawana jej rodzina. Była zastraszana, wielokrotnie nękana rewizjami, a po ukończeniu 18 lat dwukrotnie aresztowana na 48 godzin. Do końca lat osiemdziesiątych uczestniczyła w kolportażu wydawnictw podziemnych oraz w demonstracjach ulicznych, organizowanych przez NSZZ „Solidarność” i „Solidarność Walczącą”.</p>

<p>Urodziła się 26 listopada 1968 roku we Wrocławiu. Po wprowadzeniu stanu wojennego prowadziła kolportaż prasy podziemnej oraz ulotek. Pełniła funkcję łącznika między różnymi ogniwami podziemnej „Solidarności”. W latach 1982 – 1989 aktywnie wspomagała matkę, Hannę Łukowską – Karniej, w działaniach konspiracyjnych. W okresie aresztowań matki oraz jej ukrywania się, prowadziła dom i opiekowała się młodszym [&hellip;]</p>
