{"id":5380,"date":"2022-05-02T07:42:39","date_gmt":"2022-05-02T07:42:39","guid":{"rendered":"http:\/\/ludzie.fundacja-pih.pl\/?post_type=product&#038;p=5380"},"modified":"2025-05-16T14:23:51","modified_gmt":"2025-05-16T14:23:51","slug":"blazewicz-dotora","status":"publish","type":"product","link":"http:\/\/ludzie.fundacja-pih.pl\/index.php\/product\/blazewicz-dotora\/","title":{"rendered":"B\u0142a\u017cewicz Dotora"},"content":{"rendered":"<p>Urodzi\u0142a si\u0119 9 listopada 1969 roku we Wroc\u0142awiu.<\/p>\n<p>Jako uczennica, bra\u0142a czynny udzia\u0142 w dzia\u0142alno\u015bci jednej z najwi\u0119kszych i najd\u0142u\u017cej dzia\u0142aj\u0105cych drukar\u0144 wroc\u0142awskich. Drukarnia ta, nieprzerwanie przez 5 lat &#8211; dzia\u0142a\u0142a w jej  domu rodzinnym, a nast\u0119pnie pod innymi adresami jako oficyna wydawnicza im. Grzegorza Przemyka we Wroc\u0142awiu. Na potrzeby konspiracji ta sama drukarnia wydawa\u0142a cz\u0119sto materia\u0142y pod szyldem Biblioteki \u201eWyrostka\u201d, \u201eBiblioteki Robotniczej\u201d i innymi. Drukowa\u0142a takie tytu\u0142y jak \u201eZ Dnia na Dzie\u0144\u201d, \u201eBiuletyn Informacyjny Solidarno\u015bci Walcz\u0105cej\u201d, \u201eWiadomo\u015bci Bie\u017c\u0105ce\u201d, a tak\u017ce r\u00f3\u017cne materia\u0142y na zlecenie NZS oraz r\u00f3\u017cnych organizacji zak\u0142adowych \u201eSolidarno\u015bci\u201d. Dorota B\u0142a\u017cewicz od roku 1982 do 1990 roku by\u0142a zaanga\u017cowana w jej dzia\u0142alno\u015b\u0107 pe\u0142ni\u0105c r\u00f3\u017cne funkcje w tym jako kurier informacji i matryc, jako pomocnik drukarza, jako drukarz i kolporter mi\u0119dzy drukarni\u0105 a kolporterami pierwszego kontaktu, a tak\u017ce rozprowadza\u0142a wydawnictwa podziemne na terenie V LO we Wroc\u0142awiu. Szczeg\u00f3lnym hartem ducha wykaza\u0142a si\u0119 7 kwietnia 1987 roku, ewakuuj\u0105c samodzielnie du\u017c\u0105 cz\u0119\u015b\u0107 sprz\u0119tu drukarskiego i matryc z mieszkania przy ul. Jaworowej 44\/1 we Wroc\u0142awiu, w kt\u00f3rym przebywali ju\u017c funkcjonariusze SB. W efekcie tej akcji druk by\u0142 mo\u017cliwy zaraz po uwolnieniu jej rodzic\u00f3w z aresztowania na 24 godziny. W wyniku szykan w szkole, swej aktywnej postawy w drukarni oraz napi\u0119cia nerwowego z tym zwi\u0105zanego, przez rok by\u0142a ci\u0119\u017cko chora i nie mog\u0142a uczestniczy\u0107 w zaj\u0119ciach szkolnych. W kwestiach niezwi\u0105zanych z Oficyn\u0105 im. G. Przemyka uczestniczy\u0142a te\u017c w ubezpieczaniu odzyskiwania nadajnik\u00f3w po emisji \u201eRadia Solidarno\u015b\u0107\u201d,  w akcji rozwieszania Krzy\u017cy w V LO we  Wroc\u0142awiu, kt\u00f3r\u0105 r\u00f3wnie\u017c organizowa\u0142a, w organizacji tzw. cichych i czarnych przerw w V LO we Wroc\u0142awiu. Dorota B\u0142a\u017cewicz bra\u0142a tak\u017ce udzia\u0142 w nielegalnej akcji \u201eMozaika\u201d, w trakcie kt\u00f3rej liczono uczestnik\u00f3w re\u017cimowych wybor\u00f3w w 1988 roku.<\/p>\n","protected":false},"excerpt":{"rendered":"<p>Urodzi\u0142a si\u0119 9 listopada 1969 roku we Wroc\u0142awiu. Jako uczennica, bra\u0142a czynny udzia\u0142 w dzia\u0142alno\u015bci jednej z najwi\u0119kszych i najd\u0142u\u017cej dzia\u0142aj\u0105cych drukar\u0144 wroc\u0142awskich. Drukarnia ta, nieprzerwanie przez 5 lat &#8211; dzia\u0142a\u0142a w jej domu rodzinnym, a nast\u0119pnie pod innymi adresami jako oficyna wydawnicza im. Grzegorza Przemyka we Wroc\u0142awiu. Na potrzeby konspiracji ta sama drukarnia wydawa\u0142a [&hellip;]<\/p>\n","protected":false},"featured_media":0,"template":"","meta":[],"_links":{"self":[{"href":"http:\/\/ludzie.fundacja-pih.pl\/index.php\/wp-json\/wp\/v2\/product\/5380"}],"collection":[{"href":"http:\/\/ludzie.fundacja-pih.pl\/index.php\/wp-json\/wp\/v2\/product"}],"about":[{"href":"http:\/\/ludzie.fundacja-pih.pl\/index.php\/wp-json\/wp\/v2\/types\/product"}],"wp:attachment":[{"href":"http:\/\/ludzie.fundacja-pih.pl\/index.php\/wp-json\/wp\/v2\/media?parent=5380"}],"curies":[{"name":"wp","href":"https:\/\/api.w.org\/{rel}","templated":true}]}}