{"id":5488,"date":"2022-05-11T11:39:07","date_gmt":"2022-05-11T11:39:07","guid":{"rendered":"http:\/\/ludzie.fundacja-pih.pl\/?post_type=product&#038;p=5488"},"modified":"2025-05-16T14:23:52","modified_gmt":"2025-05-16T14:23:52","slug":"kieruzal-pawel","status":"publish","type":"product","link":"http:\/\/ludzie.fundacja-pih.pl\/index.php\/product\/kieruzal-pawel\/","title":{"rendered":"Kieruzal Pawe\u0142"},"content":{"rendered":"<p>Urodzi\u0142 si\u0119 26 czerwca 1969 roku we Wroc\u0142awiu. <\/p>\n<p>W 1996 roku uko\u0144czy\u0142 studia na Wydziale Nauk Spo\u0142ecznych Uniwersytetu Wroc\u0142awskiego. W latach 1985 &#8211; 1989 wsp\u00f3\u0142organizowa\u0142 Mi\u0119dzyszkolny Komitet Oporu we Wroc\u0142awiu, a tak\u017ce by\u0142 jego cz\u0142onkiem. Od 1986 roku szefowa\u0142 Grupom Wykonawczym, od 1987 roku wchodzi\u0142 w sk\u0142ad Komitetu Kierowniczego. Od 1985 roku organizowa\u0142 struktury MKO w szko\u0142ach \u015brednich Wroc\u0142awia, koordynowa\u0142 akcje ulotkowe, plakatowe oraz akcje malowania na murach antyre\u017cimowych napis\u00f3w. Wsp\u00f3\u0142organizowa\u0142 i bra\u0142 udzia\u0142 w manifestacjach organizowanych przez MKO, w Mszach za Ojczyzn\u0119 w ko\u015bciele \u015bw. Klemensa Dworzaka we Wroc\u0142awiu oraz w obozach szkoleniowych MKO (w lutym 1988 w Z\u0142otoryi i K\u0142odzku, w lipcu 1988 w Walimiu i w lipcu 1989 w Rynie). By\u0142 wsp\u00f3\u0142pracownikiem \u201eSolidarno\u015bci Walcz\u0105cej\u201d, Ruchu WiP, Pomara\u0144czowej Alternatywy i RKW \u201eS\u201d Dolny \u015al\u0105sk. Wsp\u00f3\u0142organizowa\u0142 obozy m\u0142odzie\u017cowe, podczas kt\u00f3rych odbywa\u0142y si\u0119 szkolenia drukarskie, warsztaty dziennikarskie i spotkania z dzia\u0142aczami podziemia. Wsp\u00f3\u0142organizowa\u0142 r\u00f3wnie\u017c pokazy film\u00f3w niezale\u017cnych i by\u0142 wsp\u00f3\u0142autorem inicjatyw na rzecz rozwoju samorz\u0105dno\u015bci w szko\u0142ach \u015brednich Wroc\u0142awia. W latach 1985 &#8211; 1989 wsp\u00f3\u0142organizowa\u0142 wsp\u00f3\u0142prac\u0119 \u015brodowisk Federacji M\u0142odzie\u017cy Walcz\u0105cej m.in. z Gda\u0144ska, Szczecina i Wroc\u0142awia. By\u0142 drukarzem pism podziemnych MKO, m.in. \u201eWieszcza\u201d. W latach 1986 &#8211; 1989 organizowa\u0142 dzia\u0142alno\u015b\u0107 wydawnicz\u0105 w pi\u015bmie \u201eSzko\u0142a\u201d, oraz kolporta\u017c pism MKO (m.in. \u201eSzko\u0142a\u201d, \u201eBIUST. Biuletyn Informacyjny Szk\u00f3\u0142 Technicznych\u201d i \u201eHej. Informator uczniowski\u201d), a tak\u017ce innych wydawnictw (m.in. \u201eBiblioteki Ucznia\u201d) oraz wroc\u0142awskich pism podziemnych (m.in. \u201eZ Dnia na Dzie\u0144\u201d, \u201eSolidarno\u015bci Walcz\u0105cej\u201d), ulotek, znaczk\u00f3w poczt podziemnych, kalendarzy, banknot\u00f3w, itp.<\/p>\n","protected":false},"excerpt":{"rendered":"<p>Urodzi\u0142 si\u0119 26 czerwca 1969 roku we Wroc\u0142awiu. W 1996 roku uko\u0144czy\u0142 studia na Wydziale Nauk Spo\u0142ecznych Uniwersytetu Wroc\u0142awskiego. W latach 1985 &#8211; 1989 wsp\u00f3\u0142organizowa\u0142 Mi\u0119dzyszkolny Komitet Oporu we Wroc\u0142awiu, a tak\u017ce by\u0142 jego cz\u0142onkiem. Od 1986 roku szefowa\u0142 Grupom Wykonawczym, od 1987 roku wchodzi\u0142 w sk\u0142ad Komitetu Kierowniczego. Od 1985 roku organizowa\u0142 struktury MKO [&hellip;]<\/p>\n","protected":false},"featured_media":0,"template":"","meta":[],"_links":{"self":[{"href":"http:\/\/ludzie.fundacja-pih.pl\/index.php\/wp-json\/wp\/v2\/product\/5488"}],"collection":[{"href":"http:\/\/ludzie.fundacja-pih.pl\/index.php\/wp-json\/wp\/v2\/product"}],"about":[{"href":"http:\/\/ludzie.fundacja-pih.pl\/index.php\/wp-json\/wp\/v2\/types\/product"}],"wp:attachment":[{"href":"http:\/\/ludzie.fundacja-pih.pl\/index.php\/wp-json\/wp\/v2\/media?parent=5488"}],"curies":[{"name":"wp","href":"https:\/\/api.w.org\/{rel}","templated":true}]}}

Kieruzal Paweł

<p>Urodził się 26 czerwca 1969 roku we Wrocławiu. </p>
<p>W 1996 roku ukończył studia na Wydziale Nauk Społecznych Uniwersytetu Wrocławskiego. W latach 1985 &#8211; 1989 współorganizował Międzyszkolny Komitet Oporu we Wrocławiu, a także był jego członkiem. Od 1986 roku szefował Grupom Wykonawczym, od 1987 roku wchodził w skład Komitetu Kierowniczego. Od 1985 roku organizował struktury MKO w szkołach średnich Wrocławia, koordynował akcje ulotkowe, plakatowe oraz akcje malowania na murach antyreżimowych napisów. Współorganizował i brał udział w manifestacjach organizowanych przez MKO, w Mszach za Ojczyznę w kościele św. Klemensa Dworzaka we Wrocławiu oraz w obozach szkoleniowych MKO (w lutym 1988 w Złotoryi i Kłodzku, w lipcu 1988 w Walimiu i w lipcu 1989 w Rynie). Był współpracownikiem „Solidarności Walczącej”, Ruchu WiP, Pomarańczowej Alternatywy i RKW „S” Dolny Śląsk. Współorganizował obozy młodzieżowe, podczas których odbywały się szkolenia drukarskie, warsztaty dziennikarskie i spotkania z działaczami podziemia. Współorganizował również pokazy filmów niezależnych i był współautorem inicjatyw na rzecz rozwoju samorządności w szkołach średnich Wrocławia. W latach 1985 &#8211; 1989 współorganizował współpracę środowisk Federacji Młodzieży Walczącej m.in. z Gdańska, Szczecina i Wrocławia. Był drukarzem pism podziemnych MKO, m.in. „Wieszcza”. W latach 1986 &#8211; 1989 organizował działalność wydawniczą w piśmie „Szkoła”, oraz kolportaż pism MKO (m.in. „Szkoła”, „BIUST. Biuletyn Informacyjny Szkół Technicznych” i „Hej. Informator uczniowski”), a także innych wydawnictw (m.in. „Biblioteki Ucznia”) oraz wrocławskich pism podziemnych (m.in. „Z Dnia na Dzień”, „Solidarności Walczącej”), ulotek, znaczków poczt podziemnych, kalendarzy, banknotów, itp.</p>

<p>Urodził się 26 czerwca 1969 roku we Wrocławiu. W 1996 roku ukończył studia na Wydziale Nauk Społecznych Uniwersytetu Wrocławskiego. W latach 1985 &#8211; 1989 współorganizował Międzyszkolny Komitet Oporu we Wrocławiu, a także był jego członkiem. Od 1986 roku szefował Grupom Wykonawczym, od 1987 roku wchodził w skład Komitetu Kierowniczego. Od 1985 roku organizował struktury MKO [&hellip;]</p>
