{"id":5529,"date":"2022-08-02T13:59:24","date_gmt":"2022-08-02T13:59:24","guid":{"rendered":"http:\/\/ludzie.fundacja-pih.pl\/?post_type=product&#038;p=5529"},"modified":"2025-05-16T14:23:58","modified_gmt":"2025-05-16T14:23:58","slug":"zymanczyk-zofia-2","status":"publish","type":"product","link":"http:\/\/ludzie.fundacja-pih.pl\/index.php\/product\/zymanczyk-zofia-2\/","title":{"rendered":"\u017byma\u0144czyk Zofia"},"content":{"rendered":"<p>Urodzi\u0142a si\u0119 w 1935 r. \u015awidowie (pow. Czortik\u00f3w).<\/p>\n<p>Nauczycielka j\u0119zyka polskiego w Technikum Kolejowym we Wroc\u0142awiu. Organizatorka grupy konspiracyjnej nauczycieli i uczni\u00f3w w Technikum Kolejowym we Wroc\u0142awiu. Do dzia\u0142alno\u015bci konspiracyjnej wprowadzi\u0142a bardzo du\u017co, bardzo cennych os\u00f3b ze swojej rodziny, uczni\u00f3w i znajomych. Odda\u0142a swoje dokumenty ukrywaj\u0105cej si\u0119 i poszukiwanej oficjalnie opublikowanym listem go\u0144czym Hannie \u0141ukowskiej-Karniej. Aresztowana w dniu 6 czerwcu 1984 roku, zwolniona po ok. miesi\u0105cu. Jej mieszkanie s\u0142u\u017cy\u0142o dla os\u00f3b ukrywaj\u0105cych si\u0119, p\u00f3\u017aniej odbywa\u0142y si\u0119 tam wa\u017cne spotkania konspiracyjne m.in. spotkanie Kornela Morawieckiego z prof. Romualdem Kuko\u0142owiczem. Ona sama i ludzie z ni\u0105 zwi\u0105zani byli rozpracowywani przez SB jako podstruktura Solidarno\u015bci Walcz\u0105cej oznaczona kryptonimem \u201cKapiszon\u201d. Pseudonim konspiracyjny &#8211; \u201cNauczycielka\u201d. Za swoj\u0105 dzia\u0142alno\u015b\u0107 odznaczona Krzy\u017cem Solidarno\u015bci Walcz\u0105cej.<\/p>\n","protected":false},"excerpt":{"rendered":"<p>Urodzi\u0142a si\u0119 w 1935 r. \u015awidowie (pow. Czortik\u00f3w). Nauczycielka j\u0119zyka polskiego w Technikum Kolejowym we Wroc\u0142awiu. Organizatorka grupy konspiracyjnej nauczycieli i uczni\u00f3w w Technikum Kolejowym we Wroc\u0142awiu. Do dzia\u0142alno\u015bci konspiracyjnej wprowadzi\u0142a bardzo du\u017co, bardzo cennych os\u00f3b ze swojej rodziny, uczni\u00f3w i znajomych. Odda\u0142a swoje dokumenty ukrywaj\u0105cej si\u0119 i poszukiwanej oficjalnie opublikowanym listem go\u0144czym Hannie \u0141ukowskiej-Karniej. [&hellip;]<\/p>\n","protected":false},"featured_media":5530,"template":"","meta":[],"_links":{"self":[{"href":"http:\/\/ludzie.fundacja-pih.pl\/index.php\/wp-json\/wp\/v2\/product\/5529"}],"collection":[{"href":"http:\/\/ludzie.fundacja-pih.pl\/index.php\/wp-json\/wp\/v2\/product"}],"about":[{"href":"http:\/\/ludzie.fundacja-pih.pl\/index.php\/wp-json\/wp\/v2\/types\/product"}],"wp:featuredmedia":[{"embeddable":true,"href":"http:\/\/ludzie.fundacja-pih.pl\/index.php\/wp-json\/wp\/v2\/media\/5530"}],"wp:attachment":[{"href":"http:\/\/ludzie.fundacja-pih.pl\/index.php\/wp-json\/wp\/v2\/media?parent=5529"}],"curies":[{"name":"wp","href":"https:\/\/api.w.org\/{rel}","templated":true}]}}