{"id":835,"date":"2020-12-14T11:23:22","date_gmt":"2020-12-14T11:23:22","guid":{"rendered":"http:\/\/ludzie.fundacja-pih.pl\/?post_type=product&#038;p=835"},"modified":"2025-05-16T14:10:26","modified_gmt":"2025-05-16T14:10:26","slug":"kulawik-miroslaw","status":"publish","type":"product","link":"http:\/\/ludzie.fundacja-pih.pl\/index.php\/product\/kulawik-miroslaw\/","title":{"rendered":"Kulawik Miros\u0142aw"},"content":{"rendered":"<p>Urodzi\u0142 si\u0119 29 czerwca 1944 w Poznaniu, a zmar\u0142 1 maja 1995 roku tam\u017ce.<\/p>\n<p>W latach 1965 \u2013 1995 pracowa\u0142 w drukarni Uniwersytetu im. A. Mickiewicza w Poznaniu. W drukarni uniwersyteckiej zatrudniony by\u0142 na stanowiskach zecera i rewizora maszyn poligraficznych. W okresie tzw. karnawa\u0142u \u201eSolidarno\u015bci\u201d, uczestniczy\u0142 w zak\u0142adaniu NSZZ \u201eSolidarno\u015b\u0107\u201d na terenie swojego zak\u0142adu pracy, b\u0119d\u0105c jednym z jej najbardziej aktywnych cz\u0142onk\u00f3w. Po wprowadzeniu stanu wojennego dostarcza\u0142 \u017cywno\u015b\u0107 i pomoc materialn\u0105 dla rodzin os\u00f3b internowanych. By\u0142 przes\u0142uchiwany przez SB. W jego mieszkaniu kilkakrotnie przeprowadzano rewizje. W latach osiemdziesi\u0105tych, razem z \u017con\u0105 Cecyli\u0105, drukowa\u0142 i kolportowa\u0142 wydawnictwa podziemne. Oboje dostarczali dla podziemnych struktur m.in. papier i farb\u0119 drukarsk\u0105. Jedn\u0105 z tych struktur by\u0142a pozna\u0144ska \u201eSolidarno\u015b\u0107 Walcz\u0105ca\u201d. W drukarni, podczas nocnych zmian, drukowa\u0142 okoliczno\u015bciowe ulotki, kt\u00f3re nast\u0119pnie razem z koleg\u0105 i \u017con\u0105, rozrzuca\u0142 w mie\u015bcie i pozostawia\u0142 w ko\u015bcio\u0142ach. W latach 1989 &#8211; 1995 Miros\u0142aw Kulawik pe\u0142ni\u0142 funkcje przewodnicz\u0105cego NSZZ \u201eSolidarno\u015b\u0107\u201d w drukarni UAM przy ul. Heweliusza w Poznaniu.<\/p>\n","protected":false},"excerpt":{"rendered":"<p>Urodzi\u0142 si\u0119 29 czerwca 1944 w Poznaniu, a zmar\u0142 1 maja 1995 roku tam\u017ce. W latach 1965 \u2013 1995 pracowa\u0142 w drukarni Uniwersytetu im. A. Mickiewicza w Poznaniu. W drukarni uniwersyteckiej zatrudniony by\u0142 na stanowiskach zecera i rewizora maszyn poligraficznych. W okresie tzw. karnawa\u0142u \u201eSolidarno\u015bci\u201d, uczestniczy\u0142 w zak\u0142adaniu NSZZ \u201eSolidarno\u015b\u0107\u201d na terenie swojego zak\u0142adu pracy, [&hellip;]<\/p>\n","protected":false},"featured_media":836,"template":"","meta":[],"_links":{"self":[{"href":"http:\/\/ludzie.fundacja-pih.pl\/index.php\/wp-json\/wp\/v2\/product\/835"}],"collection":[{"href":"http:\/\/ludzie.fundacja-pih.pl\/index.php\/wp-json\/wp\/v2\/product"}],"about":[{"href":"http:\/\/ludzie.fundacja-pih.pl\/index.php\/wp-json\/wp\/v2\/types\/product"}],"wp:featuredmedia":[{"embeddable":true,"href":"http:\/\/ludzie.fundacja-pih.pl\/index.php\/wp-json\/wp\/v2\/media\/836"}],"wp:attachment":[{"href":"http:\/\/ludzie.fundacja-pih.pl\/index.php\/wp-json\/wp\/v2\/media?parent=835"}],"curies":[{"name":"wp","href":"https:\/\/api.w.org\/{rel}","templated":true}]}}

Kulawik Mirosław

<p>Urodził się 29 czerwca 1944 w Poznaniu, a zmarł 1 maja 1995 roku tamże.</p>
<p>W latach 1965 – 1995 pracował w drukarni Uniwersytetu im. A. Mickiewicza w Poznaniu. W drukarni uniwersyteckiej zatrudniony był na stanowiskach zecera i rewizora maszyn poligraficznych. W okresie tzw. karnawału „Solidarności”, uczestniczył w zakładaniu NSZZ „Solidarność” na terenie swojego zakładu pracy, będąc jednym z jej najbardziej aktywnych członków. Po wprowadzeniu stanu wojennego dostarczał żywność i pomoc materialną dla rodzin osób internowanych. Był przesłuchiwany przez SB. W jego mieszkaniu kilkakrotnie przeprowadzano rewizje. W latach osiemdziesiątych, razem z żoną Cecylią, drukował i kolportował wydawnictwa podziemne. Oboje dostarczali dla podziemnych struktur m.in. papier i farbę drukarską. Jedną z tych struktur była poznańska „Solidarność Walcząca”. W drukarni, podczas nocnych zmian, drukował okolicznościowe ulotki, które następnie razem z kolegą i żoną, rozrzucał w mieście i pozostawiał w kościołach. W latach 1989 &#8211; 1995 Mirosław Kulawik pełnił funkcje przewodniczącego NSZZ „Solidarność” w drukarni UAM przy ul. Heweliusza w Poznaniu.</p>

<p>Urodził się 29 czerwca 1944 w Poznaniu, a zmarł 1 maja 1995 roku tamże. W latach 1965 – 1995 pracował w drukarni Uniwersytetu im. A. Mickiewicza w Poznaniu. W drukarni uniwersyteckiej zatrudniony był na stanowiskach zecera i rewizora maszyn poligraficznych. W okresie tzw. karnawału „Solidarności”, uczestniczył w zakładaniu NSZZ „Solidarność” na terenie swojego zakładu pracy, [&hellip;]</p>
