{"id":845,"date":"2020-12-14T11:30:13","date_gmt":"2020-12-14T11:30:13","guid":{"rendered":"http:\/\/ludzie.fundacja-pih.pl\/?post_type=product&#038;p=845"},"modified":"2025-05-16T14:10:27","modified_gmt":"2025-05-16T14:10:27","slug":"sulikowska-jadwiga","status":"publish","type":"product","link":"http:\/\/ludzie.fundacja-pih.pl\/index.php\/product\/sulikowska-jadwiga\/","title":{"rendered":"Sulikowska Jadwiga"},"content":{"rendered":"<p>Urodzi\u0142a si\u0119 31 marca 1952 roku w Ustrzykach Dolnych, zm. 23 marca 2015 roku w Poznaniu.<\/p>\n<p>Dzia\u0142a\u0142a pod pseudonimem \u201eJaga\u201d. By\u0142a jedn\u0105 z os\u00f3b inicjuj\u0105cych powstanie \u201eRadia Solidarno\u015b\u0107 Region Wielkopolska\u201d. Kierowa\u0142a radiem a\u017c do czasu zako\u0144czenia jego dzia\u0142alno\u015bci w 1989 roku. W kompleksowym zakresie tworzy\u0142a audycje, cz\u0119sto je r\u00f3wnie\u017c emitowa\u0142a. Budowa\u0142a (uzupe\u0142nia\u0142a o nowych cz\u0142onk\u00f3w) kolejne grupy, opracowa\u0142a rot\u0119 przysi\u0119gi i odbiera\u0142a przysi\u0119g\u0119 od kolejnych cz\u0142onk\u00f3w grupy. W 1984 roku Radio Wolna Europa uzna\u0142o \u201eRadio Solidarno\u015b\u0107 Region Wielkopolska\u201d za jedno z najpr\u0119\u017cniej dzia\u0142aj\u0105cych rozg\u0142o\u015bni podziemnych w kraju. Jadwiga Sulikowska zajmowa\u0142a si\u0119 r\u00f3wnie\u017c projektowaniem i drukiem ulotek, kalendarzy, a tak\u017ce szkoleniem drukarzy. Wsp\u00f3\u0142pracowa\u0142a z \u201eSolidarno\u015bci\u0105 Walcz\u0105c\u0105\u201d. W ramach tej wsp\u00f3\u0142pracy projektowa\u0142a kalendarze, by\u0142a autork\u0105 projekt\u00f3w wielu ok\u0142adek czasopism i ksi\u0105\u017cek wydawanych przez pozna\u0144ski oddzia\u0142 \u201eSolidarno\u015bci Walcz\u0105cej\u201d. W 1984 roku by\u0142a bliska uruchomienia regularnego dwutygodnika informacyjnego, kt\u00f3ry wydawa\u0107 mieli cz\u0142onkowie \u00f3wczesnej grupy Radia Solidarno\u015b\u0107. Plany pokrzy\u017cowa\u0142a utrata lokalu. <\/p>\n","protected":false},"excerpt":{"rendered":"<p>Urodzi\u0142a si\u0119 31 marca 1952 roku w Ustrzykach Dolnych, zm. 23 marca 2015 roku w Poznaniu. Dzia\u0142a\u0142a pod pseudonimem \u201eJaga\u201d. By\u0142a jedn\u0105 z os\u00f3b inicjuj\u0105cych powstanie \u201eRadia Solidarno\u015b\u0107 Region Wielkopolska\u201d. Kierowa\u0142a radiem a\u017c do czasu zako\u0144czenia jego dzia\u0142alno\u015bci w 1989 roku. W kompleksowym zakresie tworzy\u0142a audycje, cz\u0119sto je r\u00f3wnie\u017c emitowa\u0142a. Budowa\u0142a (uzupe\u0142nia\u0142a o nowych cz\u0142onk\u00f3w) [&hellip;]<\/p>\n","protected":false},"featured_media":846,"template":"","meta":[],"_links":{"self":[{"href":"http:\/\/ludzie.fundacja-pih.pl\/index.php\/wp-json\/wp\/v2\/product\/845"}],"collection":[{"href":"http:\/\/ludzie.fundacja-pih.pl\/index.php\/wp-json\/wp\/v2\/product"}],"about":[{"href":"http:\/\/ludzie.fundacja-pih.pl\/index.php\/wp-json\/wp\/v2\/types\/product"}],"wp:featuredmedia":[{"embeddable":true,"href":"http:\/\/ludzie.fundacja-pih.pl\/index.php\/wp-json\/wp\/v2\/media\/846"}],"wp:attachment":[{"href":"http:\/\/ludzie.fundacja-pih.pl\/index.php\/wp-json\/wp\/v2\/media?parent=845"}],"curies":[{"name":"wp","href":"https:\/\/api.w.org\/{rel}","templated":true}]}}

<p>Urodziła się 31 marca 1952 roku w Ustrzykach Dolnych, zm. 23 marca 2015 roku w Poznaniu.</p>
<p>Działała pod pseudonimem „Jaga”. Była jedną z osób inicjujących powstanie „Radia Solidarność Region Wielkopolska”. Kierowała radiem aż do czasu zakończenia jego działalności w 1989 roku. W kompleksowym zakresie tworzyła audycje, często je również emitowała. Budowała (uzupełniała o nowych członków) kolejne grupy, opracowała rotę przysięgi i odbierała przysięgę od kolejnych członków grupy. W 1984 roku Radio Wolna Europa uznało „Radio Solidarność Region Wielkopolska” za jedno z najprężniej działających rozgłośni podziemnych w kraju. Jadwiga Sulikowska zajmowała się również projektowaniem i drukiem ulotek, kalendarzy, a także szkoleniem drukarzy. Współpracowała z „Solidarnością Walczącą”. W ramach tej współpracy projektowała kalendarze, była autorką projektów wielu okładek czasopism i książek wydawanych przez poznański oddział „Solidarności Walczącej”. W 1984 roku była bliska uruchomienia regularnego dwutygodnika informacyjnego, który wydawać mieli członkowie ówczesnej grupy Radia Solidarność. Plany pokrzyżowała utrata lokalu. </p>

<p>Urodziła się 31 marca 1952 roku w Ustrzykach Dolnych, zm. 23 marca 2015 roku w Poznaniu. Działała pod pseudonimem „Jaga”. Była jedną z osób inicjujących powstanie „Radia Solidarność Region Wielkopolska”. Kierowała radiem aż do czasu zakończenia jego działalności w 1989 roku. W kompleksowym zakresie tworzyła audycje, często je również emitowała. Budowała (uzupełniała o nowych członków) [&hellip;]</p>
