{"id":861,"date":"2020-12-14T11:49:33","date_gmt":"2020-12-14T11:49:33","guid":{"rendered":"http:\/\/ludzie.fundacja-pih.pl\/?post_type=product&#038;p=861"},"modified":"2025-05-16T14:10:32","modified_gmt":"2025-05-16T14:10:32","slug":"budzynski-robert","status":"publish","type":"product","link":"http:\/\/ludzie.fundacja-pih.pl\/index.php\/product\/budzynski-robert\/","title":{"rendered":"Budzy\u0144ski Robert"},"content":{"rendered":"<p>Urodzi\u0142 si\u0119 w 1961 roku w Poznaniu, zm. 12 lutego 2010 roku tam\u017ce. <\/p>\n<p>By\u0142 zaprzysi\u0119\u017conym cz\u0142onkiem pozna\u0144skiego oddzia\u0142u \u201eSolidarno\u015bci Walcz\u0105cej\u201d. W grudniu 1983 roku w obecno\u015bci m.in. Macieja Frankiewicza, z\u0142o\u017cy\u0142 przysi\u0119g\u0119 \u201eSW\u201d. Od grudnia 1983 roku do pocz\u0105tku 1986 roku by\u0142 zaanga\u017cowany w drukowanie bezdebitowych wydawnictw \u201eSolidarno\u015bci Walcz\u0105cej\u201d oraz zajmowa\u0142 si\u0119 kolporta\u017cem podziemnych ksi\u0105\u017cek historycznych, niezale\u017cnych miesi\u0119cznik\u00f3w m.in. \u201eCzas\u201d i \u201eNiepodleg\u0142o\u015b\u0107\u201d, jak r\u00f3wnie\u017c kalendarzy \u201eSW\u201d. Uczestniczy\u0142 aktywnie w antyre\u017cimowych manifestacjach rocznicowych w stanie wojennym. Od 1987 roku ponownie zaanga\u017cowa\u0142 si\u0119 w kolporta\u017c prasy podziemnej. W 2017  roku na podstawie postanowienia Prezydenta RP \u2013 453\/2017 \u2013 nadano mu po\u015bmiertnie Krzy\u017c Wolno\u015bci i Solidarno\u015bci.<\/p>\n","protected":false},"excerpt":{"rendered":"<p>Urodzi\u0142 si\u0119 w 1961 roku w Poznaniu, zm. 12 lutego 2010 roku tam\u017ce. By\u0142 zaprzysi\u0119\u017conym cz\u0142onkiem pozna\u0144skiego oddzia\u0142u \u201eSolidarno\u015bci Walcz\u0105cej\u201d. W grudniu 1983 roku w obecno\u015bci m.in. Macieja Frankiewicza, z\u0142o\u017cy\u0142 przysi\u0119g\u0119 \u201eSW\u201d. Od grudnia 1983 roku do pocz\u0105tku 1986 roku by\u0142 zaanga\u017cowany w drukowanie bezdebitowych wydawnictw \u201eSolidarno\u015bci Walcz\u0105cej\u201d oraz zajmowa\u0142 si\u0119 kolporta\u017cem podziemnych ksi\u0105\u017cek historycznych, [&hellip;]<\/p>\n","protected":false},"featured_media":862,"template":"","meta":[],"_links":{"self":[{"href":"http:\/\/ludzie.fundacja-pih.pl\/index.php\/wp-json\/wp\/v2\/product\/861"}],"collection":[{"href":"http:\/\/ludzie.fundacja-pih.pl\/index.php\/wp-json\/wp\/v2\/product"}],"about":[{"href":"http:\/\/ludzie.fundacja-pih.pl\/index.php\/wp-json\/wp\/v2\/types\/product"}],"wp:featuredmedia":[{"embeddable":true,"href":"http:\/\/ludzie.fundacja-pih.pl\/index.php\/wp-json\/wp\/v2\/media\/862"}],"wp:attachment":[{"href":"http:\/\/ludzie.fundacja-pih.pl\/index.php\/wp-json\/wp\/v2\/media?parent=861"}],"curies":[{"name":"wp","href":"https:\/\/api.w.org\/{rel}","templated":true}]}}

Budzyński Robert

<p>Urodził się w 1961 roku w Poznaniu, zm. 12 lutego 2010 roku tamże. </p>
<p>Był zaprzysiężonym członkiem poznańskiego oddziału „Solidarności Walczącej”. W grudniu 1983 roku w obecności m.in. Macieja Frankiewicza, złożył przysięgę „SW”. Od grudnia 1983 roku do początku 1986 roku był zaangażowany w drukowanie bezdebitowych wydawnictw „Solidarności Walczącej” oraz zajmował się kolportażem podziemnych książek historycznych, niezależnych miesięczników m.in. „Czas” i „Niepodległość”, jak również kalendarzy „SW”. Uczestniczył aktywnie w antyreżimowych manifestacjach rocznicowych w stanie wojennym. Od 1987 roku ponownie zaangażował się w kolportaż prasy podziemnej. W 2017  roku na podstawie postanowienia Prezydenta RP – 453/2017 – nadano mu pośmiertnie Krzyż Wolności i Solidarności.</p>

<p>Urodził się w 1961 roku w Poznaniu, zm. 12 lutego 2010 roku tamże. Był zaprzysiężonym członkiem poznańskiego oddziału „Solidarności Walczącej”. W grudniu 1983 roku w obecności m.in. Macieja Frankiewicza, złożył przysięgę „SW”. Od grudnia 1983 roku do początku 1986 roku był zaangażowany w drukowanie bezdebitowych wydawnictw „Solidarności Walczącej” oraz zajmował się kolportażem podziemnych książek historycznych, [&hellip;]</p>
