{"id":890,"date":"2020-12-14T12:11:04","date_gmt":"2020-12-14T12:11:04","guid":{"rendered":"http:\/\/ludzie.fundacja-pih.pl\/?post_type=product&#038;p=890"},"modified":"2025-05-16T14:10:34","modified_gmt":"2025-05-16T14:10:34","slug":"kowalski-gerard","status":"publish","type":"product","link":"http:\/\/ludzie.fundacja-pih.pl\/index.php\/product\/kowalski-gerard\/","title":{"rendered":"Kowalski Gerard"},"content":{"rendered":"<p>Dzia\u0142a\u0142 pod pseudonimem \u201eMicha\u015b\u201d. Na pocz\u0105tku lat osiemdziesi\u0105tych by\u0142 szefem pozna\u0144skiego Klubu Karate \u201eFeniks\u201d. W 1982 roku zosta\u0142 zaprzysi\u0119\u017conym cz\u0142onkiem \u201eSolidarno\u015bci Walcz\u0105cej\u201d. W ramach dzia\u0142alno\u015bci w jej strukturach zajmowa\u0142 si\u0119 przede wszystkim drukowaniem podziemnych wydawnictw i ich kolporta\u017cem. W stanie wojennym organizowa\u0142 tak\u017ce papier dla cel\u00f3w druku.<\/p>\n","protected":false},"excerpt":{"rendered":"<p>Dzia\u0142a\u0142 pod pseudonimem \u201eMicha\u015b\u201d. Na pocz\u0105tku lat osiemdziesi\u0105tych by\u0142 szefem pozna\u0144skiego Klubu Karate \u201eFeniks\u201d. W 1982 roku zosta\u0142 zaprzysi\u0119\u017conym cz\u0142onkiem \u201eSolidarno\u015bci Walcz\u0105cej\u201d. W ramach dzia\u0142alno\u015bci w jej strukturach zajmowa\u0142 si\u0119 przede wszystkim drukowaniem podziemnych wydawnictw i ich kolporta\u017cem. W stanie wojennym organizowa\u0142 tak\u017ce papier dla cel\u00f3w druku.<\/p>\n","protected":false},"featured_media":891,"template":"","meta":[],"_links":{"self":[{"href":"http:\/\/ludzie.fundacja-pih.pl\/index.php\/wp-json\/wp\/v2\/product\/890"}],"collection":[{"href":"http:\/\/ludzie.fundacja-pih.pl\/index.php\/wp-json\/wp\/v2\/product"}],"about":[{"href":"http:\/\/ludzie.fundacja-pih.pl\/index.php\/wp-json\/wp\/v2\/types\/product"}],"wp:featuredmedia":[{"embeddable":true,"href":"http:\/\/ludzie.fundacja-pih.pl\/index.php\/wp-json\/wp\/v2\/media\/891"}],"wp:attachment":[{"href":"http:\/\/ludzie.fundacja-pih.pl\/index.php\/wp-json\/wp\/v2\/media?parent=890"}],"curies":[{"name":"wp","href":"https:\/\/api.w.org\/{rel}","templated":true}]}}

<p>Działał pod pseudonimem „Michaś”. Na początku lat osiemdziesiątych był szefem poznańskiego Klubu Karate „Feniks”. W 1982 roku został zaprzysiężonym członkiem „Solidarności Walczącej”. W ramach działalności w jej strukturach zajmował się przede wszystkim drukowaniem podziemnych wydawnictw i ich kolportażem. W stanie wojennym organizował także papier dla celów druku.</p>
