{"id":968,"date":"2020-12-17T10:21:05","date_gmt":"2020-12-17T10:21:05","guid":{"rendered":"http:\/\/ludzie.fundacja-pih.pl\/?post_type=product&#038;p=968"},"modified":"2025-05-16T14:10:37","modified_gmt":"2025-05-16T14:10:37","slug":"rutkowski-zbigniew","status":"publish","type":"product","link":"http:\/\/ludzie.fundacja-pih.pl\/index.php\/product\/rutkowski-zbigniew\/","title":{"rendered":"Rutkowski Zbigniew"},"content":{"rendered":"<p>Urodzi\u0142 si\u0119 29 stycznia 1966 roku w Warszawa. <\/p>\n<p>Wydawca, archiwista, bibliofil. W latach 1983 &#8211; 1984 by\u0142 drukarzem i redaktorem \u201ePokolenia Walcz\u0105cego \u2013 Antysocjalistycznego pisma m\u0142odych\u201d. Dzia\u0142a\u0142 w Konfederacji M\u0142odej Polski \u201eRokosz\u201d. W 1984 roku zosta\u0142 aresztowany. By\u0142 cz\u0142onkiem pozna\u0144skiego oddzia\u0142u \u201eSolidarno\u015bci Walcz\u0105cej\u201d i organizacji Wolna Polska.<br \/>\nZbigniew Rutkowski zosta\u0142 odznaczony m. in. Krzy\u017cem Oficerskim i Kawalerskim Orderu Odrodzenia Polski, Krzy\u017cem Wolno\u015bci i Solidarno\u015bci, Krzy\u017cem Komandorskim z Gwiazd\u0105 Orderu \u015bw. Brygidy, Krzy\u017cem Komandorskim z Gwiazd\u0105 Orderu \u015bw. Stanis\u0142awa, Medalem 25-lecia pozna\u0144skiego Oddzia\u0142u Solidarno\u015bci Walcz\u0105cej, Medalem Regionu Wielkopolska NSZZ \u201eSolidarno\u015b\u0107\u201d, Krzy\u017cem Jubileuszowym Organizacji Monarchist\u00f3w Polskich. Honorowy \u017bo\u0142nierz 1. Wile\u0144skiej Brygady AK.<\/p>\n","protected":false},"excerpt":{"rendered":"<p>Urodzi\u0142 si\u0119 29 stycznia 1966 roku w Warszawa. Wydawca, archiwista, bibliofil. W latach 1983 &#8211; 1984 by\u0142 drukarzem i redaktorem \u201ePokolenia Walcz\u0105cego \u2013 Antysocjalistycznego pisma m\u0142odych\u201d. Dzia\u0142a\u0142 w Konfederacji M\u0142odej Polski \u201eRokosz\u201d. W 1984 roku zosta\u0142 aresztowany. By\u0142 cz\u0142onkiem pozna\u0144skiego oddzia\u0142u \u201eSolidarno\u015bci Walcz\u0105cej\u201d i organizacji Wolna Polska. Zbigniew Rutkowski zosta\u0142 odznaczony m. in. Krzy\u017cem Oficerskim [&hellip;]<\/p>\n","protected":false},"featured_media":969,"template":"","meta":[],"_links":{"self":[{"href":"http:\/\/ludzie.fundacja-pih.pl\/index.php\/wp-json\/wp\/v2\/product\/968"}],"collection":[{"href":"http:\/\/ludzie.fundacja-pih.pl\/index.php\/wp-json\/wp\/v2\/product"}],"about":[{"href":"http:\/\/ludzie.fundacja-pih.pl\/index.php\/wp-json\/wp\/v2\/types\/product"}],"wp:featuredmedia":[{"embeddable":true,"href":"http:\/\/ludzie.fundacja-pih.pl\/index.php\/wp-json\/wp\/v2\/media\/969"}],"wp:attachment":[{"href":"http:\/\/ludzie.fundacja-pih.pl\/index.php\/wp-json\/wp\/v2\/media?parent=968"}],"curies":[{"name":"wp","href":"https:\/\/api.w.org\/{rel}","templated":true}]}}

<p>Urodził się 29 stycznia 1966 roku w Warszawa. </p>
<p>Wydawca, archiwista, bibliofil. W latach 1983 &#8211; 1984 był drukarzem i redaktorem „Pokolenia Walczącego – Antysocjalistycznego pisma młodych”. Działał w Konfederacji Młodej Polski „Rokosz”. W 1984 roku został aresztowany. Był członkiem poznańskiego oddziału „Solidarności Walczącej” i organizacji Wolna Polska.<br />
Zbigniew Rutkowski został odznaczony m. in. Krzyżem Oficerskim i Kawalerskim Orderu Odrodzenia Polski, Krzyżem Wolności i Solidarności, Krzyżem Komandorskim z Gwiazdą Orderu św. Brygidy, Krzyżem Komandorskim z Gwiazdą Orderu św. Stanisława, Medalem 25-lecia poznańskiego Oddziału Solidarności Walczącej, Medalem Regionu Wielkopolska NSZZ „Solidarność”, Krzyżem Jubileuszowym Organizacji Monarchistów Polskich. Honorowy Żołnierz 1. Wileńskiej Brygady AK.</p>

<p>Urodził się 29 stycznia 1966 roku w Warszawa. Wydawca, archiwista, bibliofil. W latach 1983 &#8211; 1984 był drukarzem i redaktorem „Pokolenia Walczącego – Antysocjalistycznego pisma młodych”. Działał w Konfederacji Młodej Polski „Rokosz”. W 1984 roku został aresztowany. Był członkiem poznańskiego oddziału „Solidarności Walczącej” i organizacji Wolna Polska. Zbigniew Rutkowski został odznaczony m. in. Krzyżem Oficerskim [&hellip;]</p>
