{"id":973,"date":"2020-12-17T10:33:09","date_gmt":"2020-12-17T10:33:09","guid":{"rendered":"http:\/\/ludzie.fundacja-pih.pl\/?post_type=product&#038;p=973"},"modified":"2025-05-16T14:10:39","modified_gmt":"2025-05-16T14:10:39","slug":"zakrzewicz-przemyslaw","status":"publish","type":"product","link":"http:\/\/ludzie.fundacja-pih.pl\/index.php\/product\/zakrzewicz-przemyslaw\/","title":{"rendered":"Zakrzewicz Przemys\u0142aw"},"content":{"rendered":"<p>Urodzi\u0142 si\u0119 29 grudnia 1959 roku w Poznaniu.<\/p>\n<p>Uko\u0144czy\u0142 Zasadnicz\u0105 Szko\u0142\u0119 Zawodow\u0105 Mechaniki Precyzyjnej w Poznaniu oraz tamtejsze Technikum Mechanicznio-Elektryczne. We wrze\u015bniu 1980 roku bra\u0142 czynny udzia\u0142 w pracach Komitetu Za\u0142o\u017cycielskiego NSZZ \u201eSolidarno\u015b\u0107\u201d w Szpitalu Dzieci\u0119cym przy ul. Krysiewicza w Poznaniu. W okresie stanu wojennego uczestniczy\u0142 w akcjach ulotkowych, w akcjach plakatowania w Lokomotywowni PKP Pozna\u0144 oraz w licznych demonstracjach antyre\u017cimowych. W 1986 roku rozpocz\u0105\u0142 wsp\u00f3\u0142prac\u0119 z \u201eSolidarno\u015bci\u0105 Walcz\u0105c\u0105\u201d. W ramach tej wsp\u00f3\u0142pracy udost\u0119pnia\u0142 swoje mieszkanie dla cel\u00f3w konspiracyjnych w tym m.in. na spotkania dzia\u0142aczy SW, magazynowanie materia\u0142\u00f3w i sprz\u0119tu poligraficznego oraz druk czasopism podziemnych. Jego mieszkanie pe\u0142ni\u0142o te\u017c funkcj\u0119 tzw. skrzynki kontaktowej. W 2011 roku zosta\u0142 odznaczony Krzy\u017cem Solidarno\u015bci Walcz\u0105cej. Otrzyma\u0142 r\u00f3wnie\u017c honorow\u0105 odznak\u0119 \u201eDzia\u0142acza opozycji antykomunistycznej lub osoby represjonowanej z powod\u00f3w politycznych\u201d oraz Krzy\u017c Za Zas\u0142ugi Dla Niepodleg\u0142o\u015bci.<\/p>\n","protected":false},"excerpt":{"rendered":"<p>Urodzi\u0142 si\u0119 29 grudnia 1959 roku w Poznaniu. Uko\u0144czy\u0142 Zasadnicz\u0105 Szko\u0142\u0119 Zawodow\u0105 Mechaniki Precyzyjnej w Poznaniu oraz tamtejsze Technikum Mechanicznio-Elektryczne. We wrze\u015bniu 1980 roku bra\u0142 czynny udzia\u0142 w pracach Komitetu Za\u0142o\u017cycielskiego NSZZ \u201eSolidarno\u015b\u0107\u201d w Szpitalu Dzieci\u0119cym przy ul. Krysiewicza w Poznaniu. W okresie stanu wojennego uczestniczy\u0142 w akcjach ulotkowych, w akcjach plakatowania w Lokomotywowni PKP [&hellip;]<\/p>\n","protected":false},"featured_media":974,"template":"","meta":[],"_links":{"self":[{"href":"http:\/\/ludzie.fundacja-pih.pl\/index.php\/wp-json\/wp\/v2\/product\/973"}],"collection":[{"href":"http:\/\/ludzie.fundacja-pih.pl\/index.php\/wp-json\/wp\/v2\/product"}],"about":[{"href":"http:\/\/ludzie.fundacja-pih.pl\/index.php\/wp-json\/wp\/v2\/types\/product"}],"wp:featuredmedia":[{"embeddable":true,"href":"http:\/\/ludzie.fundacja-pih.pl\/index.php\/wp-json\/wp\/v2\/media\/974"}],"wp:attachment":[{"href":"http:\/\/ludzie.fundacja-pih.pl\/index.php\/wp-json\/wp\/v2\/media?parent=973"}],"curies":[{"name":"wp","href":"https:\/\/api.w.org\/{rel}","templated":true}]}}

Zakrzewicz Przemysław

<p>Urodził się 29 grudnia 1959 roku w Poznaniu.</p>
<p>Ukończył Zasadniczą Szkołę Zawodową Mechaniki Precyzyjnej w Poznaniu oraz tamtejsze Technikum Mechanicznio-Elektryczne. We wrześniu 1980 roku brał czynny udział w pracach Komitetu Założycielskiego NSZZ „Solidarność” w Szpitalu Dziecięcym przy ul. Krysiewicza w Poznaniu. W okresie stanu wojennego uczestniczył w akcjach ulotkowych, w akcjach plakatowania w Lokomotywowni PKP Poznań oraz w licznych demonstracjach antyreżimowych. W 1986 roku rozpoczął współpracę z „Solidarnością Walczącą”. W ramach tej współpracy udostępniał swoje mieszkanie dla celów konspiracyjnych w tym m.in. na spotkania działaczy SW, magazynowanie materiałów i sprzętu poligraficznego oraz druk czasopism podziemnych. Jego mieszkanie pełniło też funkcję tzw. skrzynki kontaktowej. W 2011 roku został odznaczony Krzyżem Solidarności Walczącej. Otrzymał również honorową odznakę „Działacza opozycji antykomunistycznej lub osoby represjonowanej z powodów politycznych” oraz Krzyż Za Zasługi Dla Niepodległości.</p>

<p>Urodził się 29 grudnia 1959 roku w Poznaniu. Ukończył Zasadniczą Szkołę Zawodową Mechaniki Precyzyjnej w Poznaniu oraz tamtejsze Technikum Mechanicznio-Elektryczne. We wrześniu 1980 roku brał czynny udział w pracach Komitetu Założycielskiego NSZZ „Solidarność” w Szpitalu Dziecięcym przy ul. Krysiewicza w Poznaniu. W okresie stanu wojennego uczestniczył w akcjach ulotkowych, w akcjach plakatowania w Lokomotywowni PKP [&hellip;]</p>
