{"id":976,"date":"2020-12-17T10:36:07","date_gmt":"2020-12-17T10:36:07","guid":{"rendered":"http:\/\/ludzie.fundacja-pih.pl\/?post_type=product&#038;p=976"},"modified":"2025-05-16T14:10:40","modified_gmt":"2025-05-16T14:10:40","slug":"jablonski-ryszard","status":"publish","type":"product","link":"http:\/\/ludzie.fundacja-pih.pl\/index.php\/product\/jablonski-ryszard\/","title":{"rendered":"Jab\u0142o\u0144ski Ryszard"},"content":{"rendered":"<p>Urodzi\u0142 si\u0119 w 1957 r. w Ostrowie Wielkopolskim<\/p>\n<p>W 1983 roku wst\u0105pi\u0142 w szeregi pozna\u0144skiego oddzia\u0142u \u201eSolidarno\u015bci Walcz\u0105cej\u201d i zosta\u0142 jej zaprzysi\u0119\u017conym cz\u0142onkiem. W ramach tej aktywno\u015bci, dzia\u0142aj\u0105c z Dariuszem Andrzejewskim, \u0141ukaszem Bednarzem, Magdalen\u0105 J\u0119drzejczak i Wiolett\u0105 Styczy\u0144sk\u0105, zajmowa\u0142 si\u0119 kolporta\u017cem prasy podziemnej, odpowiada\u0142 za drukowanie wydawnictw konspiracyjnych. Do 1987 roku uczestniczy\u0142 we wszystkich demonstracjach antyre\u017cimowych i patriotycznych obchodach rocznic. Od ko\u0144ca 1987 roku b\u0119d\u0105c na emigracji w Niemczech, czynnie udziela\u0142 si\u0119 wraz z Szymonem Jab\u0142o\u0144skim w \u015brodowisku Polak\u00f3w na rzecz zmian demokratycznych w Polsce. Wielokrotnie by\u0142 zatrzymywany przez SB, szykanowany i poddawany rewizjom.<\/p>\n","protected":false},"excerpt":{"rendered":"<p>Urodzi\u0142 si\u0119 w 1957 r. w Ostrowie Wielkopolskim W 1983 roku wst\u0105pi\u0142 w szeregi pozna\u0144skiego oddzia\u0142u \u201eSolidarno\u015bci Walcz\u0105cej\u201d i zosta\u0142 jej zaprzysi\u0119\u017conym cz\u0142onkiem. W ramach tej aktywno\u015bci, dzia\u0142aj\u0105c z Dariuszem Andrzejewskim, \u0141ukaszem Bednarzem, Magdalen\u0105 J\u0119drzejczak i Wiolett\u0105 Styczy\u0144sk\u0105, zajmowa\u0142 si\u0119 kolporta\u017cem prasy podziemnej, odpowiada\u0142 za drukowanie wydawnictw konspiracyjnych. Do 1987 roku uczestniczy\u0142 we wszystkich demonstracjach [&hellip;]<\/p>\n","protected":false},"featured_media":977,"template":"","meta":[],"_links":{"self":[{"href":"http:\/\/ludzie.fundacja-pih.pl\/index.php\/wp-json\/wp\/v2\/product\/976"}],"collection":[{"href":"http:\/\/ludzie.fundacja-pih.pl\/index.php\/wp-json\/wp\/v2\/product"}],"about":[{"href":"http:\/\/ludzie.fundacja-pih.pl\/index.php\/wp-json\/wp\/v2\/types\/product"}],"wp:featuredmedia":[{"embeddable":true,"href":"http:\/\/ludzie.fundacja-pih.pl\/index.php\/wp-json\/wp\/v2\/media\/977"}],"wp:attachment":[{"href":"http:\/\/ludzie.fundacja-pih.pl\/index.php\/wp-json\/wp\/v2\/media?parent=976"}],"curies":[{"name":"wp","href":"https:\/\/api.w.org\/{rel}","templated":true}]}}

Jabłoński Ryszard

<p>Urodził się w 1957 r. w Ostrowie Wielkopolskim</p>
<p>W 1983 roku wstąpił w szeregi poznańskiego oddziału „Solidarności Walczącej” i został jej zaprzysiężonym członkiem. W ramach tej aktywności, działając z Dariuszem Andrzejewskim, Łukaszem Bednarzem, Magdaleną Jędrzejczak i Wiolettą Styczyńską, zajmował się kolportażem prasy podziemnej, odpowiadał za drukowanie wydawnictw konspiracyjnych. Do 1987 roku uczestniczył we wszystkich demonstracjach antyreżimowych i patriotycznych obchodach rocznic. Od końca 1987 roku będąc na emigracji w Niemczech, czynnie udzielał się wraz z Szymonem Jabłońskim w środowisku Polaków na rzecz zmian demokratycznych w Polsce. Wielokrotnie był zatrzymywany przez SB, szykanowany i poddawany rewizjom.</p>

<p>Urodził się w 1957 r. w Ostrowie Wielkopolskim W 1983 roku wstąpił w szeregi poznańskiego oddziału „Solidarności Walczącej” i został jej zaprzysiężonym członkiem. W ramach tej aktywności, działając z Dariuszem Andrzejewskim, Łukaszem Bednarzem, Magdaleną Jędrzejczak i Wiolettą Styczyńską, zajmował się kolportażem prasy podziemnej, odpowiadał za drukowanie wydawnictw konspiracyjnych. Do 1987 roku uczestniczył we wszystkich demonstracjach [&hellip;]</p>
