{"id":978,"date":"2020-12-17T10:37:05","date_gmt":"2020-12-17T10:37:05","guid":{"rendered":"http:\/\/ludzie.fundacja-pih.pl\/?post_type=product&#038;p=978"},"modified":"2025-05-16T14:10:40","modified_gmt":"2025-05-16T14:10:40","slug":"jedrzejczak-magdalena","status":"publish","type":"product","link":"http:\/\/ludzie.fundacja-pih.pl\/index.php\/product\/jedrzejczak-magdalena\/","title":{"rendered":"J\u0119drzejczak Magdalena"},"content":{"rendered":"<p>Urodzi\u0142a si\u0119 25 maja 1965 roku w Poznaniu.<\/p>\n<p>W 1984 roku zosta\u0142a wprowadzona przez Ryszarda Jab\u0142o\u0144skiego do pozna\u0144skiego oddzia\u0142u \u201eSolidarno\u015bci Walcz\u0105cej\u201d. By\u0142a zaprzysi\u0119\u017conym cz\u0142onkiem SW i dzia\u0142a\u0142a w jej strukturach do 1987 roku. W ramach tej dzia\u0142alno\u015bci zajmowa\u0142a si\u0119 drukowaniem dwutygodnika \u201eSolidarno\u015b\u0107 Walcz\u0105ca\u201d i miesi\u0119cznika \u201eCzas\u201d oraz kolporta\u017cem przy wsp\u00f3\u0142pracy z Violett\u0105 Styczy\u0144sk\u0105, Ryszardem Jab\u0142o\u0144skim, Szymonem Jab\u0142o\u0144skim, Dariuszem i Faustynem Andrzejewskimi. Udost\u0119pnia\u0142a mieszkanie do nadawania audycji radia SW. Aktualnie nale\u017cy do Stowarzyszenia Solidarno\u015b\u0107 Walcz\u0105ca.<\/p>\n","protected":false},"excerpt":{"rendered":"<p>Urodzi\u0142a si\u0119 25 maja 1965 roku w Poznaniu. W 1984 roku zosta\u0142a wprowadzona przez Ryszarda Jab\u0142o\u0144skiego do pozna\u0144skiego oddzia\u0142u \u201eSolidarno\u015bci Walcz\u0105cej\u201d. By\u0142a zaprzysi\u0119\u017conym cz\u0142onkiem SW i dzia\u0142a\u0142a w jej strukturach do 1987 roku. W ramach tej dzia\u0142alno\u015bci zajmowa\u0142a si\u0119 drukowaniem dwutygodnika \u201eSolidarno\u015b\u0107 Walcz\u0105ca\u201d i miesi\u0119cznika \u201eCzas\u201d oraz kolporta\u017cem przy wsp\u00f3\u0142pracy z Violett\u0105 Styczy\u0144sk\u0105, Ryszardem Jab\u0142o\u0144skim, [&hellip;]<\/p>\n","protected":false},"featured_media":3392,"template":"","meta":[],"_links":{"self":[{"href":"http:\/\/ludzie.fundacja-pih.pl\/index.php\/wp-json\/wp\/v2\/product\/978"}],"collection":[{"href":"http:\/\/ludzie.fundacja-pih.pl\/index.php\/wp-json\/wp\/v2\/product"}],"about":[{"href":"http:\/\/ludzie.fundacja-pih.pl\/index.php\/wp-json\/wp\/v2\/types\/product"}],"wp:featuredmedia":[{"embeddable":true,"href":"http:\/\/ludzie.fundacja-pih.pl\/index.php\/wp-json\/wp\/v2\/media\/3392"}],"wp:attachment":[{"href":"http:\/\/ludzie.fundacja-pih.pl\/index.php\/wp-json\/wp\/v2\/media?parent=978"}],"curies":[{"name":"wp","href":"https:\/\/api.w.org\/{rel}","templated":true}]}}