{"id":988,"date":"2020-12-17T10:46:45","date_gmt":"2020-12-17T10:46:45","guid":{"rendered":"http:\/\/ludzie.fundacja-pih.pl\/?post_type=product&#038;p=988"},"modified":"2025-05-16T14:10:43","modified_gmt":"2025-05-16T14:10:43","slug":"styczynska-violetta","status":"publish","type":"product","link":"http:\/\/ludzie.fundacja-pih.pl\/index.php\/product\/styczynska-violetta\/","title":{"rendered":"Styczy\u0144ska Violetta"},"content":{"rendered":"<p>Urodzi\u0142a si\u0119 13 wrze\u015bnia 1965 roku we Wroc\u0142awiu.<\/p>\n<p>W listopadzie 1984 roku zosta\u0142a wprowadzona do pozna\u0144skiego oddzia\u0142u \u201eSolidarno\u015bci Walcz\u0105cej\u201d Magdalen\u0119 J\u0119drzejczak. By\u0142a zaprzysi\u0119\u017conym cz\u0142onkiem SW. Dzia\u0142a\u0142a w jej strukturach do 1987 roku. W ramach dzia\u0142alno\u015bci zajmowa\u0142a si\u0119 drukowaniem dwutygodnika \u201eSolidarno\u015b\u0107 Walcz\u0105ca\u201d i miesi\u0119cznika \u201eCzas\u201d oraz kolporta\u017cem tych wydawnictw przy wsp\u00f3\u0142pracy z Magdalen\u0105 J\u0119drzejczak, Ryszardem Jab\u0142o\u0144skim, Dariuszem Andrzejewskim, Szymonem Jab\u0142o\u0144skim oraz Markiem Ku\u015bnierzem.<\/p>\n","protected":false},"excerpt":{"rendered":"<p>Urodzi\u0142a si\u0119 13 wrze\u015bnia 1965 roku we Wroc\u0142awiu. W listopadzie 1984 roku zosta\u0142a wprowadzona do pozna\u0144skiego oddzia\u0142u \u201eSolidarno\u015bci Walcz\u0105cej\u201d Magdalen\u0119 J\u0119drzejczak. By\u0142a zaprzysi\u0119\u017conym cz\u0142onkiem SW. Dzia\u0142a\u0142a w jej strukturach do 1987 roku. W ramach dzia\u0142alno\u015bci zajmowa\u0142a si\u0119 drukowaniem dwutygodnika \u201eSolidarno\u015b\u0107 Walcz\u0105ca\u201d i miesi\u0119cznika \u201eCzas\u201d oraz kolporta\u017cem tych wydawnictw przy wsp\u00f3\u0142pracy z Magdalen\u0105 J\u0119drzejczak, Ryszardem Jab\u0142o\u0144skim, [&hellip;]<\/p>\n","protected":false},"featured_media":3389,"template":"","meta":[],"_links":{"self":[{"href":"http:\/\/ludzie.fundacja-pih.pl\/index.php\/wp-json\/wp\/v2\/product\/988"}],"collection":[{"href":"http:\/\/ludzie.fundacja-pih.pl\/index.php\/wp-json\/wp\/v2\/product"}],"about":[{"href":"http:\/\/ludzie.fundacja-pih.pl\/index.php\/wp-json\/wp\/v2\/types\/product"}],"wp:featuredmedia":[{"embeddable":true,"href":"http:\/\/ludzie.fundacja-pih.pl\/index.php\/wp-json\/wp\/v2\/media\/3389"}],"wp:attachment":[{"href":"http:\/\/ludzie.fundacja-pih.pl\/index.php\/wp-json\/wp\/v2\/media?parent=988"}],"curies":[{"name":"wp","href":"https:\/\/api.w.org\/{rel}","templated":true}]}}

Styczyńska Violetta

<p>Urodziła się 13 września 1965 roku we Wrocławiu.</p>
<p>W listopadzie 1984 roku została wprowadzona do poznańskiego oddziału „Solidarności Walczącej” Magdalenę Jędrzejczak. Była zaprzysiężonym członkiem SW. Działała w jej strukturach do 1987 roku. W ramach działalności zajmowała się drukowaniem dwutygodnika „Solidarność Walcząca” i miesięcznika „Czas” oraz kolportażem tych wydawnictw przy współpracy z Magdaleną Jędrzejczak, Ryszardem Jabłońskim, Dariuszem Andrzejewskim, Szymonem Jabłońskim oraz Markiem Kuśnierzem.</p>

<p>Urodziła się 13 września 1965 roku we Wrocławiu. W listopadzie 1984 roku została wprowadzona do poznańskiego oddziału „Solidarności Walczącej” Magdalenę Jędrzejczak. Była zaprzysiężonym członkiem SW. Działała w jej strukturach do 1987 roku. W ramach działalności zajmowała się drukowaniem dwutygodnika „Solidarność Walcząca” i miesięcznika „Czas” oraz kolportażem tych wydawnictw przy współpracy z Magdaleną Jędrzejczak, Ryszardem Jabłońskim, [&hellip;]</p>
